Last updated on 2023-06-10 03:56:22 CEST.
Flavor | Version | Tinstall | Tcheck | Ttotal | Status | Flags |
---|---|---|---|---|---|---|
r-devel-linux-x86_64-debian-clang | 0.7.6 | 13.13 | 103.20 | 116.33 | NOTE | |
r-devel-linux-x86_64-debian-gcc | 0.7.6 | 10.64 | 80.64 | 91.28 | NOTE | |
r-devel-linux-x86_64-fedora-clang | 0.7.6 | 154.78 | NOTE | |||
r-devel-linux-x86_64-fedora-gcc | 0.7.6 | 142.82 | NOTE | |||
r-devel-windows-x86_64 | 0.7.6 | 13.00 | 90.00 | 103.00 | NOTE | |
r-patched-linux-x86_64 | 0.7.6 | 10.91 | 100.14 | 111.05 | NOTE | |
r-release-linux-x86_64 | 0.7.6 | 10.72 | 99.21 | 109.93 | NOTE | |
r-release-macos-arm64 | 0.7.6 | 50.00 | NOTE | |||
r-release-macos-x86_64 | 0.7.6 | 73.00 | NOTE | |||
r-release-windows-x86_64 | 0.7.6 | 15.00 | 108.00 | 123.00 | NOTE | |
r-oldrel-macos-arm64 | 0.7.6 | 42.00 | OK | |||
r-oldrel-macos-x86_64 | 0.7.6 | 71.00 | OK | |||
r-oldrel-windows-x86_64 | 0.7.6 | 16.00 | 104.00 | 120.00 | OK |
Version: 0.7.6
Check: package subdirectories
Result: NOTE
Problems with news in ‘NEWS.md’:
No news entries found.
Flavors: r-devel-linux-x86_64-debian-clang, r-devel-linux-x86_64-debian-gcc, r-devel-linux-x86_64-fedora-clang, r-devel-linux-x86_64-fedora-gcc, r-devel-windows-x86_64, r-patched-linux-x86_64, r-release-linux-x86_64, r-release-macos-arm64, r-release-macos-x86_64, r-release-windows-x86_64