CRAN Package Check Results for Package fancycut

Last updated on 2022-06-29 15:49:53 CEST.

Flavor Version Tinstall Tcheck Ttotal Status Flags
r-devel-linux-x86_64-debian-clang 0.1.2 1.81 22.47 24.28 NOTE
r-devel-linux-x86_64-debian-gcc 0.1.2 1.57 17.41 18.98 NOTE
r-devel-linux-x86_64-fedora-clang 0.1.2 40.19 NOTE
r-devel-linux-x86_64-fedora-gcc 0.1.2 39.55 NOTE
r-devel-windows-x86_64 0.1.2 13.00 45.00 58.00 NOTE
r-patched-linux-x86_64 0.1.2 1.79 21.97 23.76 NOTE
r-release-linux-x86_64 0.1.2 2.05 21.85 23.90 NOTE
r-release-macos-arm64 0.1.2 14.00 NOTE
r-release-macos-x86_64 0.1.2 19.00 NOTE
r-release-windows-x86_64 0.1.2 11.00 45.00 56.00 NOTE
r-oldrel-macos-arm64 0.1.2 16.00 NOTE
r-oldrel-macos-x86_64 0.1.2 24.00 NOTE
r-oldrel-windows-ix86+x86_64 0.1.2 5.00 41.00 46.00 NOTE

Check Details

Version: 0.1.2
Check: LazyData
Result: NOTE
     'LazyData' is specified without a 'data' directory
Flavors: r-devel-linux-x86_64-debian-clang, r-devel-linux-x86_64-debian-gcc, r-devel-linux-x86_64-fedora-clang, r-devel-linux-x86_64-fedora-gcc, r-devel-windows-x86_64, r-patched-linux-x86_64, r-release-linux-x86_64, r-release-macos-arm64, r-release-macos-x86_64, r-release-windows-x86_64, r-oldrel-macos-arm64, r-oldrel-macos-x86_64, r-oldrel-windows-ix86+x86_64