Last updated on 2022-08-10 15:51:23 CEST.
Flavor | Version | Tinstall | Tcheck | Ttotal | Status | Flags |
---|---|---|---|---|---|---|
r-devel-linux-x86_64-debian-clang | 1.1.0 | 67.36 | 538.34 | 605.70 | OK | |
r-devel-linux-x86_64-debian-gcc | 1.1.0 | 53.36 | 364.24 | 417.60 | OK | |
r-devel-linux-x86_64-fedora-clang | 1.1.0 | 685.07 | NOTE | |||
r-devel-linux-x86_64-fedora-gcc | 1.1.0 | 647.75 | OK | |||
r-devel-windows-x86_64 | 1.1.0 | 195.00 | 387.00 | 582.00 | NOTE | |
r-patched-linux-x86_64 | 1.1.0 | 63.33 | 450.72 | 514.05 | OK | |
r-release-linux-x86_64 | 1.1.0 | OK | ||||
r-release-macos-arm64 | 1.1.0 | 114.00 | NOTE | |||
r-release-macos-x86_64 | 1.1.0 | 187.00 | NOTE | |||
r-release-windows-x86_64 | 1.1.0 | 522.00 | 374.00 | 896.00 | NOTE | |
r-oldrel-macos-arm64 | 1.1.0 | 113.00 | NOTE | |||
r-oldrel-macos-x86_64 | 1.1.0 | 188.00 | NOTE | |||
r-oldrel-windows-ix86+x86_64 | 1.1.0 | 105.00 | 421.00 | 526.00 | NOTE |
Version: 1.1.0
Check: installed package size
Result: NOTE
installed size is 5.2Mb
sub-directories of 1Mb or more:
R 3.1Mb
doc 1.0Mb
help 1.0Mb
Flavors: r-devel-linux-x86_64-fedora-clang, r-devel-windows-x86_64, r-release-macos-arm64, r-release-macos-x86_64, r-release-windows-x86_64, r-oldrel-macos-arm64, r-oldrel-macos-x86_64, r-oldrel-windows-ix86+x86_64
Version: 1.1.0
Check: package dependencies
Result: NOTE
Package suggested but not available for checking: ‘qvalue’
Flavor: r-release-macos-arm64