CRAN Package Check Results for Package fame

Last updated on 2022-01-22 15:52:11 CET.

Flavor Version Tinstall Tcheck Ttotal Status Flags
r-devel-linux-x86_64-debian-clang 2.21.1 4.48 36.08 40.56 NOTE
r-devel-linux-x86_64-debian-gcc 2.21.1 2.94 28.18 31.12 NOTE
r-devel-linux-x86_64-fedora-clang 2.21.1 50.44 NOTE
r-devel-linux-x86_64-fedora-gcc 2.21.1 40.46 NOTE
r-devel-windows-x86_64-new-UL 2.21.1 24.00 54.00 78.00 NOTE
r-devel-windows-x86_64-new-TK 2.21.1 NOTE
r-patched-linux-x86_64 2.21.1 3.74 34.36 38.10 NOTE
r-release-linux-x86_64 2.21.1 3.23 35.21 38.44 NOTE
r-release-macos-arm64 2.21.1 NOTE
r-release-macos-x86_64 2.21.1 NOTE
r-release-windows-ix86+x86_64 2.21.1 11.00 53.00 64.00 NOTE
r-oldrel-macos-x86_64 2.21.1 NOTE
r-oldrel-windows-ix86+x86_64 2.21.1 11.00 52.00 63.00 NOTE

Check Details

Version: 2.21.1
Check: R code for possible problems
Result: NOTE
    File 'fame/R/windows/zzz.R':
     .onLoad calls:
     packageStartupMessage("FAME environment variable not set; assuming ", defaultDir)
     packageStartupMessage("FAME directory ", fameDir, " not found.\n", "If you have FAME installed, specify it's location ", "via the FAME environment variable.\n", "Otherwise, this package is pretty useless.\n")
    
    See section 'Good practice' in '?.onAttach'.
Flavors: r-devel-linux-x86_64-debian-clang, r-devel-linux-x86_64-debian-gcc, r-devel-linux-x86_64-fedora-clang, r-devel-linux-x86_64-fedora-gcc, r-devel-windows-x86_64-new-UL, r-devel-windows-x86_64-new-TK, r-patched-linux-x86_64, r-release-linux-x86_64, r-release-macos-arm64, r-release-macos-x86_64, r-release-windows-ix86+x86_64, r-oldrel-macos-x86_64, r-oldrel-windows-ix86+x86_64

Version: 2.21.1
Check: compiled code
Result: NOTE
    File ‘fame/libs/fame.so’:
     Found no calls to: ‘R_registerRoutines’, ‘R_useDynamicSymbols’
    
    It is good practice to register native routines and to disable symbol
    search.
    
    See ‘Writing portable packages’ in the ‘Writing R Extensions’ manual.
Flavors: r-devel-linux-x86_64-fedora-clang, r-devel-linux-x86_64-fedora-gcc