Last updated on 2022-07-01 15:51:18 CEST.
Flavor | Version | Tinstall | Tcheck | Ttotal | Status | Flags |
---|---|---|---|---|---|---|
r-devel-linux-x86_64-debian-clang | 0.3.1 | 30.48 | 224.90 | 255.38 | OK | |
r-devel-linux-x86_64-debian-gcc | 0.3.1 | 26.82 | 164.11 | 190.93 | OK | |
r-devel-linux-x86_64-fedora-clang | 0.3.1 | 313.78 | NOTE | |||
r-devel-linux-x86_64-fedora-gcc | 0.3.1 | 310.98 | OK | |||
r-devel-windows-x86_64 | 0.3.1 | 76.00 | 280.00 | 356.00 | OK | |
r-patched-linux-x86_64 | 0.3.1 | 26.15 | 212.45 | 238.60 | OK | |
r-release-linux-x86_64 | 0.3.1 | 28.15 | 213.64 | 241.79 | OK | |
r-release-macos-arm64 | 0.3.1 | 81.00 | OK | |||
r-release-macos-x86_64 | 0.3.1 | 147.00 | OK | |||
r-release-windows-x86_64 | 0.3.1 | 87.00 | 284.00 | 371.00 | OK | |
r-oldrel-macos-arm64 | 0.3.1 | 111.00 | OK | |||
r-oldrel-macos-x86_64 | 0.3.1 | 131.00 | OK | |||
r-oldrel-windows-ix86+x86_64 | 0.3.1 | 76.00 | 442.00 | 518.00 | OK |
Version: 0.3.1
Check: Rd cross-references
Result: NOTE
Undeclared package ‘lmtest’ in Rd xrefs
Flavor: r-devel-linux-x86_64-fedora-clang