CRAN Package Check Results for Package fHMM

Last updated on 2022-07-01 15:51:18 CEST.

Flavor Version Tinstall Tcheck Ttotal Status Flags
r-devel-linux-x86_64-debian-clang 1.0.2 33.11 88.09 121.20 OK
r-devel-linux-x86_64-debian-gcc 1.0.2 27.45 64.53 91.98 OK
r-devel-linux-x86_64-fedora-clang 1.0.2 162.91 OK
r-devel-linux-x86_64-fedora-gcc 1.0.2 153.93 OK
r-devel-windows-x86_64 1.0.2 74.00 150.00 224.00 OK
r-patched-linux-x86_64 1.0.2 34.66 83.07 117.73 OK
r-release-linux-x86_64 1.0.2 26.40 83.61 110.01 OK
r-release-macos-arm64 1.0.2 52.00 OK
r-release-macos-x86_64 1.0.2 75.00 OK
r-release-windows-x86_64 1.0.2 61.00 161.00 222.00 OK
r-oldrel-macos-arm64 1.0.2 59.00 OK
r-oldrel-macos-x86_64 1.0.2 69.00 OK
r-oldrel-windows-ix86+x86_64 1.0.2 84.00 164.00 248.00 NOTE

Check Details

Version: 1.0.2
Check: installed package size
Result: NOTE
     installed size is 5.3Mb
     sub-directories of 1Mb or more:
     extdata 1.1Mb
     libs 2.2Mb
Flavor: r-oldrel-windows-ix86+x86_64