CRAN Package Check Results for Package ezpickr

Last updated on 2022-05-22 15:53:18 CEST.

Flavor Version Tinstall Tcheck Ttotal Status Flags
r-devel-linux-x86_64-debian-clang 2.1.0 2.21 38.74 40.95 NOTE
r-devel-linux-x86_64-debian-gcc 2.1.0 2.01 30.01 32.02 NOTE
r-devel-linux-x86_64-fedora-clang 2.1.0 50.02 NOTE
r-devel-linux-x86_64-fedora-gcc 2.1.0 50.78 NOTE
r-devel-windows-x86_64 2.1.0 10.00 64.00 74.00 NOTE
r-patched-linux-x86_64 2.1.0 1.89 38.37 40.26 NOTE
r-release-linux-x86_64 2.1.0 1.53 37.26 38.79 NOTE
r-release-macos-arm64 2.1.0 24.00 NOTE
r-release-macos-x86_64 2.1.0 30.00 NOTE
r-release-windows-x86_64 2.1.0 10.00 68.00 78.00 NOTE
r-oldrel-macos-arm64 2.1.0 25.00 NOTE
r-oldrel-macos-x86_64 2.1.0 29.00 NOTE
r-oldrel-windows-ix86+x86_64 2.1.0 8.00 51.00 59.00 NOTE

Check Details

Version: 2.1.0
Check: LazyData
Result: NOTE
     'LazyData' is specified without a 'data' directory
Flavors: r-devel-linux-x86_64-debian-clang, r-devel-linux-x86_64-debian-gcc, r-devel-linux-x86_64-fedora-clang, r-devel-linux-x86_64-fedora-gcc, r-devel-windows-x86_64, r-patched-linux-x86_64, r-release-linux-x86_64, r-release-macos-arm64, r-release-macos-x86_64, r-release-windows-x86_64, r-oldrel-macos-arm64, r-oldrel-macos-x86_64, r-oldrel-windows-ix86+x86_64