CRAN Package Check Results for Package ezmmek

Last updated on 2023-09-22 04:01:10 CEST.

Flavor Version Tinstall Tcheck Ttotal Status Flags
r-devel-linux-x86_64-debian-clang 0.2.4 3.07 43.87 46.94 NOTE
r-devel-linux-x86_64-debian-gcc 0.2.4 2.07 33.04 35.11 NOTE
r-devel-linux-x86_64-fedora-clang 0.2.4 56.93 NOTE
r-devel-linux-x86_64-fedora-gcc 0.2.4 66.72 NOTE
r-devel-windows-x86_64 0.2.4 5.00 59.00 64.00 NOTE
r-patched-linux-x86_64 0.2.4 3.21 42.64 45.85 NOTE
r-release-linux-x86_64 0.2.4 2.41 41.77 44.18 NOTE
r-release-macos-arm64 0.2.4 29.00 NOTE
r-release-macos-x86_64 0.2.4 41.00 NOTE
r-release-windows-x86_64 0.2.4 6.00 61.00 67.00 NOTE
r-oldrel-macos-arm64 0.2.4 24.00 NOTE
r-oldrel-macos-x86_64 0.2.4 42.00 NOTE
r-oldrel-windows-x86_64 0.2.4 5.00 64.00 69.00 NOTE

Check Details

Version: 0.2.4
Check: LazyData
Result: NOTE
     'LazyData' is specified without a 'data' directory
Flavors: r-devel-linux-x86_64-debian-clang, r-devel-linux-x86_64-debian-gcc, r-devel-linux-x86_64-fedora-clang, r-devel-linux-x86_64-fedora-gcc, r-devel-windows-x86_64, r-patched-linux-x86_64, r-release-linux-x86_64, r-release-macos-arm64, r-release-macos-x86_64, r-release-windows-x86_64, r-oldrel-macos-arm64, r-oldrel-macos-x86_64, r-oldrel-windows-x86_64