CRAN Package Check Results for Package ezmmek

Last updated on 2022-10-06 15:53:42 CEST.

Flavor Version Tinstall Tcheck Ttotal Status Flags
r-devel-linux-x86_64-debian-clang 0.2.4 2.82 45.62 48.44 NOTE
r-devel-linux-x86_64-debian-gcc 0.2.4 2.03 33.83 35.86 NOTE
r-devel-linux-x86_64-fedora-clang 0.2.4 70.18 NOTE
r-devel-linux-x86_64-fedora-gcc 0.2.4 70.87 NOTE
r-devel-windows-x86_64 0.2.4 26.00 81.00 107.00 NOTE
r-patched-linux-x86_64 0.2.4 3.10 42.18 45.28 NOTE
r-release-linux-x86_64 0.2.4 2.79 41.68 44.47 NOTE
r-release-macos-arm64 0.2.4 24.00 NOTE
r-release-macos-x86_64 0.2.4 42.00 NOTE
r-release-windows-x86_64 0.2.4 19.00 75.00 94.00 NOTE
r-oldrel-macos-arm64 0.2.4 23.00 NOTE
r-oldrel-macos-x86_64 0.2.4 38.00 NOTE
r-oldrel-windows-ix86+x86_64 0.2.4 7.00 72.00 79.00 NOTE

Check Details

Version: 0.2.4
Check: LazyData
Result: NOTE
     'LazyData' is specified without a 'data' directory
Flavors: r-devel-linux-x86_64-debian-clang, r-devel-linux-x86_64-debian-gcc, r-devel-linux-x86_64-fedora-clang, r-devel-linux-x86_64-fedora-gcc, r-devel-windows-x86_64, r-patched-linux-x86_64, r-release-linux-x86_64, r-release-macos-arm64, r-release-macos-x86_64, r-release-windows-x86_64, r-oldrel-macos-arm64, r-oldrel-macos-x86_64, r-oldrel-windows-ix86+x86_64