CRAN Package Check Results for Package extendedFamily

Last updated on 2022-09-28 15:49:53 CEST.

Flavor Version Tinstall Tcheck Ttotal Status Flags
r-devel-linux-x86_64-debian-clang 0.2.1 2.42 25.30 27.72 OK
r-devel-linux-x86_64-debian-gcc 0.2.1 1.70 19.82 21.52 OK
r-devel-linux-x86_64-fedora-clang 0.2.1 45.68 NOTE
r-devel-linux-x86_64-fedora-gcc 0.2.1 46.28 NOTE
r-devel-windows-x86_64 0.2.1 11.00 50.00 61.00 OK
r-patched-linux-x86_64 0.2.1 1.55 24.52 26.07 OK
r-release-linux-x86_64 0.2.1 1.83 24.69 26.52 OK
r-release-macos-arm64 0.2.1 18.00 NOTE
r-release-macos-x86_64 0.2.1 21.00 NOTE
r-release-windows-x86_64 0.2.1 17.00 51.00 68.00 OK
r-oldrel-macos-arm64 0.2.1 22.00 NOTE
r-oldrel-macos-x86_64 0.2.1 21.00 NOTE
r-oldrel-windows-ix86+x86_64 0.2.1 6.00 47.00 53.00 OK

Check Details

Version: 0.2.1
Check: dependencies in R code
Result: NOTE
    Namespace in Imports field not imported from: ‘numDeriv’
     All declared Imports should be used.
Flavors: r-devel-linux-x86_64-fedora-clang, r-devel-linux-x86_64-fedora-gcc, r-release-macos-arm64, r-release-macos-x86_64, r-oldrel-macos-arm64, r-oldrel-macos-x86_64