CRAN Package Check Results for Package exactextractr

Last updated on 2022-05-18 15:49:02 CEST.

Flavor Version Tinstall Tcheck Ttotal Status Flags
r-devel-linux-x86_64-debian-clang 0.8.2 90.37 396.39 486.76 OK
r-devel-linux-x86_64-debian-gcc 0.8.2 77.59 291.93 369.52 OK
r-devel-linux-x86_64-fedora-clang 0.8.2 611.12 OK
r-devel-linux-x86_64-fedora-gcc 0.8.2 572.88 OK
r-devel-windows-x86_64 0.8.2 134.00 425.00 559.00 OK
r-patched-linux-x86_64 0.8.2 86.44 371.57 458.01 OK
r-release-linux-x86_64 0.8.2 82.45 376.65 459.10 OK
r-release-macos-arm64 0.8.2 198.00 ERROR
r-release-macos-x86_64 0.8.2 202.00 ERROR
r-release-windows-x86_64 0.8.2 138.00 760.00 898.00 OK
r-oldrel-macos-arm64 0.8.2 126.00 NOTE
r-oldrel-macos-x86_64 0.8.2 191.00 NOTE
r-oldrel-windows-ix86+x86_64 0.8.2 251.00 611.00 862.00 NOTE

Check Details

Version: 0.8.2
Check: installed package size
Result: NOTE
     installed size is 7.2Mb
     sub-directories of 1Mb or more:
     libs 6.3Mb
Flavors: r-release-macos-arm64, r-release-macos-x86_64, r-oldrel-macos-arm64, r-oldrel-macos-x86_64, r-oldrel-windows-ix86+x86_64

Version: 0.8.2
Check: tests
Result: ERROR
     Running ‘testthat.R’ [20s/27s]
    Running the tests in ‘tests/testthat.R’ failed.
    Last 13 lines of output:
     ══ Failed tests ════════════════════════════════════════════════════════════════
     ── Error (test_exact_extract_eager_load.R:124:3): eager loading does not error when geometry is outside extent of raster ──
     Error: [crop] extents do not overlap
     Backtrace:
     ▆
     1. └─exactextractr:::.eagerLoad(ras, touches_corner, Inf, "") at test_exact_extract_eager_load.R:124:2
     2. ├─terra::crop(r, geom_ext, snap = "out")
     3. └─terra::crop(r, geom_ext, snap = "out")
     4. └─terra .local(x, y, ...)
     5. └─terra:::messages(x, "crop")
     6. └─terra:::error(f, x@ptr$getError())
    
     [ FAIL 1 | WARN 0 | SKIP 0 | PASS 438 ]
     Error: Test failures
     Execution halted
Flavor: r-release-macos-arm64

Version: 0.8.2
Check: tests
Result: ERROR
     Running ‘testthat.R’ [27s/28s]
    Running the tests in ‘tests/testthat.R’ failed.
    Last 13 lines of output:
     ── Error (test_helper_blocksize.R:34:3): blockSize reports block size in row-col order ──
     Error: [writeRaster] invalid driver
     Backtrace:
     ▆
     1. ├─base::suppressWarnings(...) at test_helper_blocksize.R:34:2
     2. │ └─base::withCallingHandlers(...)
     3. ├─terra::writeRaster(...) at test_helper_blocksize.R:35:4
     4. └─terra::writeRaster(...)
     5. └─terra .local(x, filename, ...)
     6. └─terra:::messages(x, "writeRaster")
     7. └─terra:::error(f, x@ptr$getError())
    
     [ FAIL 1 | WARN 0 | SKIP 0 | PASS 437 ]
     Error: Test failures
     Execution halted
Flavor: r-release-macos-x86_64