CRAN Package Check Results for Package evmix

Last updated on 2022-05-22 15:53:18 CEST.

Flavor Version Tinstall Tcheck Ttotal Status Flags
r-devel-linux-x86_64-debian-clang 2.12 33.99 201.78 235.77 OK
r-devel-linux-x86_64-debian-gcc 2.12 24.61 146.30 170.91 OK
r-devel-linux-x86_64-fedora-clang 2.12 272.63 NOTE
r-devel-linux-x86_64-fedora-gcc 2.12 267.82 OK
r-devel-windows-x86_64 2.12 81.00 193.00 274.00 OK
r-patched-linux-x86_64 2.12 35.25 192.21 227.46 OK
r-release-linux-x86_64 2.12 29.40 187.11 216.51 OK
r-release-macos-arm64 2.12 50.00 NOTE
r-release-macos-x86_64 2.12 82.00 OK
r-release-windows-x86_64 2.12 81.00 196.00 277.00 OK
r-oldrel-macos-arm64 2.12 64.00 NOTE
r-oldrel-macos-x86_64 2.12 132.00 OK
r-oldrel-windows-ix86+x86_64 2.12 49.00 189.00 238.00 OK

Check Details

Version: 2.12
Check: Rd cross-references
Result: NOTE
    Undeclared packages ‘ks’, ‘evd’, ‘ismev’, ‘mixtools’, ‘evir’, ‘smoothtail’ in Rd xrefs
Flavor: r-devel-linux-x86_64-fedora-clang

Version: 2.12
Check: installed package size
Result: NOTE
     installed size is 5.9Mb
     sub-directories of 1Mb or more:
     R 2.0Mb
     doc 2.9Mb
Flavors: r-release-macos-arm64, r-oldrel-macos-arm64