CRAN Package Check Results for Package eva

Last updated on 2022-06-25 03:50:57 CEST.

Flavor Version Tinstall Tcheck Ttotal Status Flags
r-devel-linux-x86_64-debian-clang 0.2.6 13.23 111.99 125.22 OK
r-devel-linux-x86_64-debian-gcc 0.2.6 11.22 84.18 95.40 OK
r-devel-linux-x86_64-fedora-clang 0.2.6 160.16 NOTE
r-devel-linux-x86_64-fedora-gcc 0.2.6 156.61 NOTE
r-devel-windows-x86_64 0.2.6 27.00 142.00 169.00 OK
r-patched-linux-x86_64 0.2.6 12.27 108.07 120.34 OK
r-release-linux-x86_64 0.2.6 10.26 109.95 120.21 OK
r-release-macos-arm64 0.2.6 43.00 NOTE
r-release-macos-x86_64 0.2.6 81.00 NOTE
r-release-windows-x86_64 0.2.6 28.00 144.00 172.00 OK
r-oldrel-macos-arm64 0.2.6 49.00 NOTE
r-oldrel-macos-x86_64 0.2.6 78.00 NOTE
r-oldrel-windows-ix86+x86_64 0.2.6 25.00 130.00 155.00 OK

Check Details

Version: 0.2.6
Check: dependencies in R code
Result: NOTE
    Namespace in Imports field not imported from: ‘EnvStats’
     All declared Imports should be used.
Flavors: r-devel-linux-x86_64-fedora-clang, r-devel-linux-x86_64-fedora-gcc, r-release-macos-arm64, r-release-macos-x86_64, r-oldrel-macos-arm64, r-oldrel-macos-x86_64