Last updated on 2022-06-26 03:50:00 CEST.
Flavor | Version | Tinstall | Tcheck | Ttotal | Status | Flags |
---|---|---|---|---|---|---|
r-devel-linux-x86_64-debian-clang | 0.2.1 | 22.32 | 127.71 | 150.03 | OK | |
r-devel-linux-x86_64-debian-gcc | 0.2.1 | 12.30 | 94.92 | 107.22 | OK | |
r-devel-linux-x86_64-fedora-clang | 0.2.1 | 187.70 | NOTE | |||
r-devel-linux-x86_64-fedora-gcc | 0.2.1 | 183.50 | NOTE | |||
r-devel-windows-x86_64 | 0.2.1 | 185.00 | 167.00 | 352.00 | NOTE | |
r-patched-linux-x86_64 | 0.2.1 | 14.10 | 120.90 | 135.00 | OK | |
r-release-linux-x86_64 | 0.2.1 | 12.51 | 119.23 | 131.74 | OK | |
r-release-macos-arm64 | 0.2.1 | 49.00 | NOTE | |||
r-release-macos-x86_64 | 0.2.1 | 74.00 | NOTE | |||
r-release-windows-x86_64 | 0.2.1 | 158.00 | 148.00 | 306.00 | NOTE | |
r-oldrel-macos-arm64 | 0.2.1 | 47.00 | NOTE | |||
r-oldrel-macos-x86_64 | 0.2.1 | 63.00 | NOTE | |||
r-oldrel-windows-ix86+x86_64 | 0.2.1 | 39.00 | 138.00 | 177.00 | OK |
Version: 0.2.1
Check: installed package size
Result: NOTE
installed size is 5.0Mb
sub-directories of 1Mb or more:
data 3.1Mb
help 1.5Mb
Flavors: r-devel-linux-x86_64-fedora-clang, r-devel-windows-x86_64, r-release-macos-arm64, r-release-windows-x86_64, r-oldrel-macos-arm64
Version: 0.2.1
Check: dependencies in R code
Result: NOTE
Namespace in Imports field not imported from: ‘magrittr’
All declared Imports should be used.
Flavors: r-devel-linux-x86_64-fedora-clang, r-devel-linux-x86_64-fedora-gcc, r-release-macos-arm64, r-release-macos-x86_64, r-oldrel-macos-arm64, r-oldrel-macos-x86_64
Version: 0.2.1
Check: data for non-ASCII characters
Result: NOTE
Note: found 3 marked UTF-8 strings
Flavors: r-devel-linux-x86_64-fedora-clang, r-devel-linux-x86_64-fedora-gcc, r-release-macos-arm64, r-release-macos-x86_64, r-oldrel-macos-arm64, r-oldrel-macos-x86_64