CRAN Package Check Results for Package estadistica

Last updated on 2024-04-21 15:51:42 CEST.

Flavor Version Tinstall Tcheck Ttotal Status Flags
r-devel-linux-x86_64-debian-clang 0.2.3 18.31 106.46 124.77 NOTE
r-devel-linux-x86_64-debian-gcc 0.2.3 13.34 76.98 90.32 NOTE
r-devel-linux-x86_64-fedora-clang 0.2.3 149.98 NOTE
r-devel-linux-x86_64-fedora-gcc 0.2.3 139.04 NOTE
r-prerel-macos-arm64 0.2.3 46.00 NOTE
r-prerel-windows-x86_64 0.2.3 14.00 100.00 114.00 NOTE
r-patched-linux-x86_64 0.2.3 11.43 102.25 113.68 NOTE
r-release-linux-x86_64 0.2.3 10.62 100.37 110.99 OK
r-release-macos-arm64 0.2.3 47.00 OK
r-release-macos-x86_64 0.2.3 92.00 NOTE
r-release-windows-x86_64 0.2.3 20.00 119.00 139.00 OK
r-oldrel-macos-arm64 0.2.3 43.00 OK
r-oldrel-windows-x86_64 0.2.3 20.00 114.00 134.00 OK

Check Details

Version: 0.2.3
Check: Rd files
Result: NOTE checkRd: (-1) momento.central.Rd:12: Lost braces; missing escapes or markup? 12 | \item{orden}{Es un valor numérico que representa el orden del momento central (orden = {1,2,3,4,...})} | ^ Flavors: r-devel-linux-x86_64-debian-clang, r-devel-linux-x86_64-debian-gcc, r-devel-linux-x86_64-fedora-clang, r-devel-linux-x86_64-fedora-gcc, r-prerel-macos-arm64, r-prerel-windows-x86_64, r-patched-linux-x86_64

Version: 0.2.3
Check: data for non-ASCII characters
Result: NOTE Note: found 3 marked UTF-8 strings Flavors: r-devel-linux-x86_64-fedora-clang, r-devel-linux-x86_64-fedora-gcc

Version: 0.2.3
Check: installed package size
Result: NOTE installed size is 5.3Mb sub-directories of 1Mb or more: data 3.4Mb help 1.5Mb Flavor: r-release-macos-x86_64