CRAN Package Check Results for Package errum

Last updated on 2022-06-25 15:51:20 CEST.

Flavor Version Tinstall Tcheck Ttotal Status Flags
r-devel-linux-x86_64-debian-clang 0.0.3 38.58 30.10 68.68 NOTE
r-devel-linux-x86_64-debian-gcc 0.0.3 30.75 23.81 54.56 NOTE
r-devel-linux-x86_64-fedora-clang 0.0.3 115.04 NOTE
r-devel-linux-x86_64-fedora-gcc 0.0.3 101.63 NOTE
r-devel-windows-x86_64 0.0.3 36.00 79.00 115.00 NOTE
r-patched-linux-x86_64 0.0.3 30.84 29.54 60.38 NOTE
r-release-linux-x86_64 0.0.3 32.11 29.51 61.62 NOTE
r-release-macos-arm64 0.0.3 28.00 NOTE
r-release-macos-x86_64 0.0.3 37.00 NOTE
r-release-windows-x86_64 0.0.3 36.00 78.00 114.00 NOTE
r-oldrel-macos-arm64 0.0.3 34.00 NOTE
r-oldrel-macos-x86_64 0.0.3 51.00 NOTE
r-oldrel-windows-ix86+x86_64 0.0.3 90.00 77.00 167.00 NOTE

Check Details

Version: 0.0.3
Check: LazyData
Result: NOTE
     'LazyData' is specified without a 'data' directory
Flavors: r-devel-linux-x86_64-debian-clang, r-devel-linux-x86_64-debian-gcc, r-devel-linux-x86_64-fedora-clang, r-devel-linux-x86_64-fedora-gcc, r-devel-windows-x86_64, r-patched-linux-x86_64, r-release-linux-x86_64, r-release-macos-arm64, r-release-macos-x86_64, r-release-windows-x86_64, r-oldrel-macos-arm64, r-oldrel-macos-x86_64, r-oldrel-windows-ix86+x86_64