CRAN Package Check Results for Package erpR

Last updated on 2022-06-29 15:49:53 CEST.

Flavor Version Tinstall Tcheck Ttotal Status Flags
r-devel-linux-x86_64-debian-clang 0.2.0 7.11 55.98 63.09 NOTE
r-devel-linux-x86_64-debian-gcc 0.2.0 3.78 43.63 47.41 NOTE
r-devel-linux-x86_64-fedora-clang 0.2.0 86.15 NOTE
r-devel-linux-x86_64-fedora-gcc 0.2.0 85.05 NOTE
r-devel-windows-x86_64 0.2.0 19.00 84.00 103.00 NOTE
r-patched-linux-x86_64 0.2.0 8.57 57.89 66.46 NOTE
r-release-linux-x86_64 0.2.0 6.82 56.08 62.90 NOTE
r-release-macos-arm64 0.2.0 42.00 NOTE
r-release-macos-x86_64 0.2.0 51.00 NOTE
r-release-windows-x86_64 0.2.0 23.00 79.00 102.00 NOTE
r-oldrel-macos-arm64 0.2.0 67.00 NOTE
r-oldrel-macos-x86_64 0.2.0 51.00 NOTE
r-oldrel-windows-ix86+x86_64 0.2.0 11.00 73.00 84.00 NOTE

Check Details

Version: 0.2.0
Check: R code for possible problems
Result: NOTE
    erp: no visible global function definition for 'smooth.spline'
    erp: no visible global function definition for 'segments'
    erp.add: no visible global function definition for 'smooth.spline'
    erp.add: no visible global function definition for 'par'
    erp.add: no visible global function definition for 'lines'
    erp.cor: no visible global function definition for 'cor.test'
    erp.cor: no visible global function definition for 'abline'
    erp.infl : erp.infl.panel : erp.infl.endo: no visible global function
     definition for 'smooth.spline'
    erp.infl : erp.infl.panel : erp.infl.endo: no visible global function
     definition for 'legend'
    erp.t: no visible global function definition for 't.test'
    erp.t: no visible global function definition for 'abline'
    erp.t: no visible global function definition for 'smooth.spline'
    erp.xaxis: no visible global function definition for 'axis'
    erp.yaxis: no visible global function definition for 'axis'
    import.erp: no visible global function definition for 'read.table'
    named.agg: no visible binding for global variable 'na.omit'
    named.agg: no visible global function definition for
     'aggregate.data.frame'
    scalp: no visible global function definition for 'par'
    scalp: no visible global function definition for 'axis'
    scalp: no visible global function definition for 'text'
    scalp: no visible global function definition for 'plot.new'
    scalp: no visible global function definition for 'smooth.spline'
    scalp: no visible global function definition for 'segments'
    scalp: no visible global function definition for 'abline'
    scalp: no visible global function definition for 'mtext'
    scalp: no visible global function definition for 'lines'
    scalp.cor: no visible global function definition for 'cor.test'
    scalp.cor: no visible global function definition for 'par'
    scalp.cor: no visible global function definition for 'axis'
    scalp.cor: no visible global function definition for 'text'
    scalp.cor: no visible global function definition for 'plot.new'
    scalp.cor: no visible global function definition for 'abline'
    scalp.cor: no visible global function definition for 'smooth.spline'
    scalp.cor: no visible global function definition for 'lines'
    scalp.cor: no visible global function definition for 'segments'
    scalp.cor: no visible global function definition for 'mtext'
    scalp.infl : scalp.infl.panel : scalp.infl.endo : scalp.endo: no
     visible global function definition for 'par'
    scalp.infl : scalp.infl.panel : scalp.infl.endo : scalp.endo: no
     visible global function definition for 'axis'
    scalp.infl : scalp.infl.panel : scalp.infl.endo : scalp.endo: no
     visible global function definition for 'plot.new'
    scalp.infl : scalp.infl.panel : scalp.infl.endo : scalp.endo: no
     visible global function definition for 'legend'
    scalp.infl : scalp.infl.panel : scalp.infl.endo : scalp.endo: no
     visible global function definition for 'smooth.spline'
    scalp.infl : scalp.infl.panel : scalp.infl.endo : scalp.endo: no
     visible global function definition for 'segments'
    scalp.infl : scalp.infl.panel : scalp.infl.endo : scalp.endo: no
     visible global function definition for 'abline'
    scalp.infl : scalp.infl.panel : scalp.infl.endo : scalp.endo: no
     visible global function definition for 'mtext'
    scalp.infl : scalp.infl.panel : scalp.infl.endo : scalp.endo: no
     visible global function definition for 'lines'
    scalp.t: no visible global function definition for 't.test'
    scalp.t: no visible global function definition for 'par'
    scalp.t: no visible global function definition for 'axis'
    scalp.t: no visible global function definition for 'text'
    scalp.t: no visible global function definition for 'plot.new'
    scalp.t: no visible global function definition for 'abline'
    scalp.t: no visible global function definition for 'smooth.spline'
    scalp.t: no visible global function definition for 'lines'
    scalp.t: no visible global function definition for 'segments'
    scalp.t: no visible global function definition for 'mtext'
    topoplot: no visible global function definition for 'colorRampPalette'
    topoplot: no visible global function definition for 'heat.colors'
    topoplot: no visible global function definition for 'interp'
    topoplot: no visible global function definition for 'image'
    topoplot: no visible global function definition for 'dist'
    topoplot : plotcircle: no visible global function definition for
     'polygon'
    topoplot: no visible global function definition for 'polygon'
    topoplot: no visible global function definition for 'points'
    topoplot: no visible global function definition for 'text'
    topoplot: no visible global function definition for 'lines'
    topoplot.palette: no visible global function definition for 'par'
    topoplot.palette: no visible global function definition for 'dist'
    topoplot.palette: no visible global function definition for 'polygon'
    topoplot.palette: no visible global function definition for 'text'
    tpairs: no visible global function definition for 'aggregate'
    tpairs: no visible global function definition for 'combn'
    tpairs: no visible global function definition for 't.test'
    tpairs: no visible global function definition for 'p.adjust'
    Undefined global functions or variables:
     abline aggregate aggregate.data.frame axis colorRampPalette combn
     cor.test dist heat.colors image interp legend lines mtext na.omit
     p.adjust par plot.new points polygon read.table segments
     smooth.spline t.test text
    Consider adding
     importFrom("grDevices", "colorRampPalette", "heat.colors")
     importFrom("graphics", "abline", "axis", "image", "legend", "lines",
     "mtext", "par", "plot.new", "points", "polygon", "segments",
     "text")
     importFrom("stats", "aggregate", "aggregate.data.frame", "cor.test",
     "dist", "na.omit", "p.adjust", "smooth.spline", "t.test")
     importFrom("utils", "combn", "read.table")
    to your NAMESPACE file.
Flavors: r-devel-linux-x86_64-debian-clang, r-devel-linux-x86_64-debian-gcc, r-devel-linux-x86_64-fedora-clang, r-devel-linux-x86_64-fedora-gcc, r-devel-windows-x86_64, r-patched-linux-x86_64, r-release-linux-x86_64, r-release-macos-arm64, r-release-macos-x86_64, r-release-windows-x86_64, r-oldrel-macos-arm64, r-oldrel-macos-x86_64, r-oldrel-windows-ix86+x86_64