CRAN Package Check Results for Package erp.easy

Last updated on 2022-06-27 03:51:12 CEST.

Flavor Version Tinstall Tcheck Ttotal Status Flags
r-devel-linux-x86_64-debian-clang 1.1.0 2.78 33.09 35.87 OK
r-devel-linux-x86_64-debian-gcc 1.1.0 2.70 25.41 28.11 OK
r-devel-linux-x86_64-fedora-clang 1.1.0 54.93 WARN
r-devel-linux-x86_64-fedora-gcc 1.1.0 54.41 WARN
r-devel-windows-x86_64 1.1.0 20.00 57.00 77.00 OK
r-patched-linux-x86_64 1.1.0 4.10 31.80 35.90 OK
r-release-linux-x86_64 1.1.0 3.39 31.57 34.96 OK
r-release-macos-arm64 1.1.0 17.00 NOTE
r-release-macos-x86_64 1.1.0 25.00 NOTE
r-release-windows-x86_64 1.1.0 20.00 57.00 77.00 OK
r-oldrel-macos-arm64 1.1.0 23.00 NOTE
r-oldrel-macos-x86_64 1.1.0 37.00 NOTE
r-oldrel-windows-ix86+x86_64 1.1.0 7.00 48.00 55.00 OK

Check Details

Version: 1.1.0
Check: package dependencies
Result: WARN
    Requires orphaned package: ‘gtools’
Flavors: r-devel-linux-x86_64-fedora-clang, r-devel-linux-x86_64-fedora-gcc

Version: 1.1.0
Check: dependencies in R code
Result: NOTE
    Namespace in Imports field not imported from: ‘signal’
     All declared Imports should be used.
Flavors: r-devel-linux-x86_64-fedora-clang, r-devel-linux-x86_64-fedora-gcc, r-release-macos-arm64, r-release-macos-x86_64, r-oldrel-macos-arm64, r-oldrel-macos-x86_64