Last updated on 2023-11-28 15:49:34 CET.
Flavor | Version | Tinstall | Tcheck | Ttotal | Status | Flags |
---|---|---|---|---|---|---|
r-devel-linux-x86_64-debian-clang | 1.1.2 | 16.67 | 124.87 | 141.54 | OK | |
r-devel-linux-x86_64-debian-gcc | 1.1.2 | 15.68 | 93.51 | 109.19 | OK | |
r-devel-linux-x86_64-fedora-clang | 1.1.2 | 188.51 | OK | |||
r-devel-linux-x86_64-fedora-gcc | 1.1.2 | 182.25 | OK | |||
r-devel-windows-x86_64 | 1.1.2 | 18.00 | 118.00 | 136.00 | OK | |
r-patched-linux-x86_64 | 1.1.2 | 16.90 | 120.68 | 137.58 | OK | |
r-release-linux-x86_64 | 1.1.2 | 19.12 | 121.15 | 140.27 | OK | |
r-release-macos-arm64 | 1.1.2 | 59.00 | NOTE | |||
r-release-macos-x86_64 | 1.1.2 | 98.00 | NOTE | |||
r-release-windows-x86_64 | 1.1.2 | 23.00 | 134.00 | 157.00 | OK | |
r-oldrel-macos-arm64 | 1.1.2 | 65.00 | NOTE | |||
r-oldrel-macos-x86_64 | 1.1.2 | 68.00 | OK | |||
r-oldrel-windows-x86_64 | 1.1.2 | 24.00 | 135.00 | 159.00 | OK |
Version: 1.1.2
Check: package dependencies
Result: NOTE
Package suggested but not available for checking: ‘mzR’
Flavors: r-release-macos-arm64, r-release-macos-x86_64, r-oldrel-macos-arm64