CRAN Package Check Results for Package epiDisplay

Last updated on 2024-03-04 03:52:28 CET.

Flavor Version Tinstall Tcheck Ttotal Status Flags
r-devel-linux-x86_64-debian-clang 3.5.0.2 17.39 134.16 151.55 NOTE
r-devel-linux-x86_64-debian-gcc 3.5.0.2 13.44 100.00 113.44 NOTE
r-devel-linux-x86_64-fedora-clang 3.5.0.2 189.71 NOTE
r-devel-linux-x86_64-fedora-gcc 3.5.0.2 190.02 NOTE
r-devel-windows-x86_64 3.5.0.2 16.00 136.00 152.00 NOTE
r-patched-linux-x86_64 3.5.0.2 12.67 131.49 144.16 NOTE
r-release-linux-x86_64 3.5.0.2 15.60 130.76 146.36 NOTE
r-release-macos-arm64 3.5.0.2 53.00 NOTE
r-release-macos-x86_64 3.5.0.2 91.00 NOTE
r-release-windows-x86_64 3.5.0.2 21.00 146.00 167.00 NOTE
r-oldrel-macos-arm64 3.5.0.2 53.00 OK
r-oldrel-windows-x86_64 3.5.0.2 21.00 151.00 172.00 OK

Check Details

Version: 3.5.0.2
Check: Rd files
Result: NOTE checkRd: (-1) risk.display.rd:98: Escaped LaTeX specials: \$ Flavors: r-devel-linux-x86_64-debian-clang, r-devel-linux-x86_64-debian-gcc, r-devel-linux-x86_64-fedora-clang, r-devel-linux-x86_64-fedora-gcc, r-devel-windows-x86_64, r-patched-linux-x86_64, r-release-linux-x86_64, r-release-macos-arm64, r-release-macos-x86_64, r-release-windows-x86_64