CRAN Package Check Results for Package epanetReader

Last updated on 2022-09-28 15:49:53 CEST.

Flavor Version Tinstall Tcheck Ttotal Status Flags
r-devel-linux-x86_64-debian-clang 0.7.3 3.87 42.99 46.86 NOTE
r-devel-linux-x86_64-debian-gcc 0.7.3 2.41 33.11 35.52 NOTE
r-devel-linux-x86_64-fedora-clang 0.7.3 72.12 NOTE
r-devel-linux-x86_64-fedora-gcc 0.7.3 70.00 NOTE
r-devel-windows-x86_64 0.7.3 78.00 75.00 153.00 OK
r-patched-linux-x86_64 0.7.3 4.36 41.52 45.88 NOTE
r-release-linux-x86_64 0.7.3 3.08 41.64 44.72 NOTE
r-release-macos-arm64 0.7.3 21.00 OK
r-release-macos-x86_64 0.7.3 29.00 OK
r-release-windows-x86_64 0.7.3 72.00 71.00 143.00 OK
r-oldrel-macos-arm64 0.7.3 26.00 OK
r-oldrel-macos-x86_64 0.7.3 41.00 OK
r-oldrel-windows-ix86+x86_64 0.7.3 8.00 64.00 72.00 OK

Check Details

Version: 0.7.3
Check: for non-standard things in the check directory
Result: NOTE
    Found the following files/directories:
     'Net1-fromR.inp'
Flavors: r-devel-linux-x86_64-debian-clang, r-devel-linux-x86_64-debian-gcc, r-devel-linux-x86_64-fedora-clang, r-devel-linux-x86_64-fedora-gcc, r-patched-linux-x86_64, r-release-linux-x86_64