Last updated on 2022-05-17 15:53:16 CEST.
Flavor | Version | Tinstall | Tcheck | Ttotal | Status | Flags |
---|---|---|---|---|---|---|
r-devel-linux-x86_64-debian-clang | 1.3.12 | 12.61 | 107.71 | 120.32 | OK | |
r-devel-linux-x86_64-debian-gcc | 1.3.12 | 7.54 | 81.19 | 88.73 | OK | |
r-devel-linux-x86_64-fedora-clang | 1.3.12 | 139.01 | NOTE | |||
r-devel-linux-x86_64-fedora-gcc | 1.3.12 | 136.18 | OK | |||
r-devel-windows-x86_64 | 1.3.12 | 40.00 | 121.00 | 161.00 | OK | |
r-patched-linux-x86_64 | 1.3.12 | 13.57 | 100.10 | 113.67 | OK | |
r-release-linux-x86_64 | 1.3.12 | 10.88 | 99.30 | 110.18 | OK | |
r-release-macos-arm64 | 1.3.12 | 35.00 | OK | |||
r-release-macos-x86_64 | 1.3.12 | 55.00 | NOTE | |||
r-release-windows-x86_64 | 1.3.12 | 47.00 | 125.00 | 172.00 | OK | |
r-oldrel-macos-arm64 | 1.3.12 | 46.00 | NOTE | |||
r-oldrel-macos-x86_64 | 1.3.12 | 78.00 | OK | |||
r-oldrel-windows-ix86+x86_64 | 1.3.12 | 23.00 | 114.00 | 137.00 | OK |
Version: 1.3.12
Check: Rd cross-references
Result: NOTE
Undeclared package ‘mvtnorm’ in Rd xrefs
Flavor: r-devel-linux-x86_64-fedora-clang
Version: 1.3.12
Check: package dependencies
Result: NOTE
Package suggested but not available for checking: ‘R2jags’
Flavors: r-release-macos-x86_64, r-oldrel-macos-arm64