CRAN Package Check Results for Package ellipticalsymmetry

Last updated on 2022-06-25 03:50:57 CEST.

Flavor Version Tinstall Tcheck Ttotal Status Flags
r-devel-linux-x86_64-debian-clang 0.1.2 3.61 35.35 38.96 OK
r-devel-linux-x86_64-debian-gcc 0.1.2 3.25 27.69 30.94 OK
r-devel-linux-x86_64-fedora-clang 0.1.2 62.53 NOTE
r-devel-linux-x86_64-fedora-gcc 0.1.2 58.60 NOTE
r-devel-windows-x86_64 0.1.2 66.00 62.00 128.00 OK
r-patched-linux-x86_64 0.1.2 4.57 35.40 39.97 OK
r-release-linux-x86_64 0.1.2 3.31 34.32 37.63 OK
r-release-macos-arm64 0.1.2 18.00 NOTE
r-release-macos-x86_64 0.1.2 34.00 NOTE
r-release-windows-x86_64 0.1.2 50.00 61.00 111.00 OK
r-oldrel-macos-arm64 0.1.2 27.00 NOTE
r-oldrel-macos-x86_64 0.1.2 29.00 NOTE
r-oldrel-windows-ix86+x86_64 0.1.2 8.00 53.00 61.00 OK

Check Details

Version: 0.1.2
Check: dependencies in R code
Result: NOTE
    Namespace in Imports field not imported from: ‘datasets’
     All declared Imports should be used.
Flavors: r-devel-linux-x86_64-fedora-clang, r-devel-linux-x86_64-fedora-gcc, r-release-macos-arm64, r-release-macos-x86_64, r-oldrel-macos-arm64, r-oldrel-macos-x86_64