Last updated on 2022-05-28 03:54:43 CEST.
Flavor | Version | Tinstall | Tcheck | Ttotal | Status | Flags |
---|---|---|---|---|---|---|
r-devel-linux-x86_64-debian-clang | 1.0.4 | 2.53 | 36.17 | 38.70 | NOTE | |
r-devel-linux-x86_64-debian-gcc | 1.0.4 | 2.95 | 28.34 | 31.29 | NOTE | |
r-devel-linux-x86_64-fedora-clang | 1.0.4 | 49.15 | NOTE | |||
r-devel-linux-x86_64-fedora-gcc | 1.0.4 | 47.72 | NOTE | |||
r-devel-windows-x86_64 | 1.0.4 | 10.00 | 49.00 | 59.00 | NOTE | |
r-patched-linux-x86_64 | 1.0.4 | 3.97 | 36.13 | 40.10 | NOTE | |
r-release-linux-x86_64 | 1.0.4 | 3.71 | 36.06 | 39.77 | NOTE | |
r-release-macos-arm64 | 1.0.4 | 17.00 | NOTE | |||
r-release-macos-x86_64 | 1.0.4 | 23.00 | NOTE | |||
r-release-windows-x86_64 | 1.0.4 | 11.00 | 51.00 | 62.00 | NOTE | |
r-oldrel-macos-arm64 | 1.0.4 | 20.00 | NOTE | |||
r-oldrel-macos-x86_64 | 1.0.4 | 29.00 | NOTE | |||
r-oldrel-windows-ix86+x86_64 | 1.0.4 | 8.00 | 44.00 | 52.00 | NOTE |
Version: 1.0.4
Check: LazyData
Result: NOTE
'LazyData' is specified without a 'data' directory
Flavors: r-devel-linux-x86_64-debian-clang, r-devel-linux-x86_64-debian-gcc, r-devel-linux-x86_64-fedora-clang, r-devel-linux-x86_64-fedora-gcc, r-devel-windows-x86_64, r-patched-linux-x86_64, r-release-linux-x86_64, r-release-macos-arm64, r-release-macos-x86_64, r-release-windows-x86_64, r-oldrel-macos-arm64, r-oldrel-macos-x86_64, r-oldrel-windows-ix86+x86_64