CRAN Package Check Results for Package elasso

Last updated on 2022-05-28 15:50:56 CEST.

Flavor Version Tinstall Tcheck Ttotal Status Flags
r-devel-linux-x86_64-debian-clang 1.1 7.91 79.51 87.42 NOTE
r-devel-linux-x86_64-debian-gcc 1.1 5.80 61.70 67.50 NOTE
r-devel-linux-x86_64-fedora-clang 1.1 104.29 NOTE
r-devel-linux-x86_64-fedora-gcc 1.1 103.69 NOTE
r-devel-windows-x86_64 1.1 13.00 92.00 105.00 NOTE
r-patched-linux-x86_64 1.1 8.24 76.81 85.05 NOTE
r-release-linux-x86_64 1.1 7.05 77.43 84.48 NOTE
r-release-macos-arm64 1.1 31.00 NOTE
r-release-macos-x86_64 1.1 44.00 NOTE
r-release-windows-x86_64 1.1 10.00 93.00 103.00 NOTE
r-oldrel-macos-arm64 1.1 38.00 NOTE
r-oldrel-macos-x86_64 1.1 42.00 NOTE
r-oldrel-windows-ix86+x86_64 1.1 17.00 82.00 99.00 NOTE

Check Details

Version: 1.1
Check: LazyData
Result: NOTE
     'LazyData' is specified without a 'data' directory
Flavors: r-devel-linux-x86_64-debian-clang, r-devel-linux-x86_64-debian-gcc, r-devel-linux-x86_64-fedora-clang, r-devel-linux-x86_64-fedora-gcc, r-devel-windows-x86_64, r-patched-linux-x86_64, r-release-linux-x86_64, r-release-macos-arm64, r-release-macos-x86_64, r-release-windows-x86_64, r-oldrel-macos-arm64, r-oldrel-macos-x86_64, r-oldrel-windows-ix86+x86_64