CRAN Package Check Results for Package effects

Last updated on 2022-01-19 15:52:02 CET.

Flavor Version Tinstall Tcheck Ttotal Status Flags
r-devel-linux-x86_64-debian-clang 4.2-1 OK
r-devel-linux-x86_64-debian-gcc 4.2-1 14.80 150.21 165.01 OK
r-devel-linux-x86_64-fedora-clang 4.2-1 258.48 OK
r-devel-linux-x86_64-fedora-gcc 4.2-1 249.00 OK
r-devel-windows-x86_64-new-UL 4.2-1 61.00 257.00 318.00 OK
r-devel-windows-x86_64-new-TK 4.2-1 OK
r-patched-linux-x86_64 4.2-1 20.04 192.27 212.31 OK
r-release-linux-x86_64 4.2-1 OK
r-release-macos-arm64 4.2-1 OK
r-release-macos-x86_64 4.2-1 WARN --as-cran
r-release-windows-ix86+x86_64 4.2-1 31.00 257.00 288.00 OK
r-oldrel-macos-x86_64 4.2-0 OK
r-oldrel-windows-ix86+x86_64 4.2-1 31.00 231.00 262.00 OK

Check Details

Version: 4.2-1
Flags: --as-cran
Check: CRAN incoming feasibility
Result: WARN
    Maintainer: ‘John Fox <jfox@mcmaster.ca>’
    
    Insufficient package version (submitted: 4.2.1, existing: 4.2.1)
    
    Days since last update: 1
Flavor: r-release-macos-x86_64

Version: 4.2-1
Flags: --as-cran
Check: sizes of PDF files under ‘inst/doc’
Result: NOTE
    Unable to find GhostScript executable to run checks on size reduction
Flavor: r-release-macos-x86_64