CRAN Package Check Results for Package effectR

Last updated on 2022-05-25 15:50:32 CEST.

Flavor Version Tinstall Tcheck Ttotal Status Flags
r-devel-linux-x86_64-debian-clang 1.0.2 3.98 55.49 59.47 OK
r-devel-linux-x86_64-debian-gcc 1.0.2 3.09 43.55 46.64 OK
r-devel-linux-x86_64-fedora-clang 1.0.2 78.50 NOTE
r-devel-linux-x86_64-fedora-gcc 1.0.2 71.75 NOTE
r-devel-windows-x86_64 1.0.2 18.00 73.00 91.00 OK
r-patched-linux-x86_64 1.0.2 8.52 53.67 62.19 OK
r-release-linux-x86_64 1.0.2 OK
r-release-macos-arm64 1.0.2 22.00 NOTE
r-release-macos-x86_64 1.0.2 45.00 NOTE
r-release-windows-x86_64 1.0.2 21.00 79.00 100.00 OK
r-oldrel-macos-arm64 1.0.2 26.00 NOTE
r-oldrel-macos-x86_64 1.0.2 43.00 NOTE
r-oldrel-windows-ix86+x86_64 1.0.2 13.00 71.00 84.00 OK

Check Details

Version: 1.0.2
Check: dependencies in R code
Result: NOTE
    Namespace in Imports field not imported from: ‘rmarkdown’
     All declared Imports should be used.
Flavors: r-devel-linux-x86_64-fedora-clang, r-devel-linux-x86_64-fedora-gcc, r-release-macos-arm64, r-release-macos-x86_64, r-oldrel-macos-arm64, r-oldrel-macos-x86_64