CRAN Package Check Results for Package edmcr

Last updated on 2024-06-18 03:57:08 CEST.

Flavor Version Tinstall Tcheck Ttotal Status Flags
r-devel-linux-x86_64-debian-clang 0.2.0 21.62 120.54 142.16 NOTE
r-devel-linux-x86_64-debian-gcc 0.2.0 16.28 88.68 104.96 NOTE
r-devel-linux-x86_64-fedora-clang 0.2.0 174.15 NOTE
r-devel-linux-x86_64-fedora-gcc 0.2.0 176.86 NOTE
r-devel-windows-x86_64 0.2.0 20.00 101.00 121.00 NOTE
r-patched-linux-x86_64 0.2.0 12.76 114.51 127.27 NOTE
r-release-linux-x86_64 0.2.0 13.14 119.06 132.20 NOTE
r-release-macos-arm64 0.2.0 43.00 NOTE
r-release-macos-x86_64 0.2.0 66.00 NOTE
r-release-windows-x86_64 0.2.0 18.00 102.00 120.00 NOTE
r-oldrel-macos-arm64 0.2.0 54.00 OK
r-oldrel-macos-x86_64 0.2.0 83.00 OK
r-oldrel-windows-x86_64 0.2.0 24.00 126.00 150.00 OK

Check Details

Version: 0.2.0
Check: Rd files
Result: NOTE checkRd: (-1) edm2psd.Rd:10: Lost braces; missing escapes or markup? 10 | \item{D}{A matrix in the set D_{n}^{-}.} | ^ checkRd: (-1) edm2psd.Rd:10: Lost braces; missing escapes or markup? 10 | \item{D}{A matrix in the set D_{n}^{-}.} | ^ Flavors: r-devel-linux-x86_64-debian-clang, r-devel-linux-x86_64-debian-gcc, r-devel-linux-x86_64-fedora-clang, r-devel-linux-x86_64-fedora-gcc, r-devel-windows-x86_64, r-patched-linux-x86_64, r-release-linux-x86_64, r-release-macos-arm64, r-release-macos-x86_64, r-release-windows-x86_64