Last updated on 2023-12-10 03:59:53 CET.
Flavor | Version | Tinstall | Tcheck | Ttotal | Status | Flags |
---|---|---|---|---|---|---|
r-devel-linux-x86_64-debian-clang | 0.1.8 | 4.78 | 51.26 | 56.04 | OK | |
r-devel-linux-x86_64-debian-gcc | 0.1.8 | 4.64 | 40.11 | 44.75 | OK | |
r-devel-linux-x86_64-fedora-clang | 0.1.8 | 71.85 | NOTE | |||
r-devel-linux-x86_64-fedora-gcc | 0.1.8 | 80.00 | NOTE | |||
r-devel-windows-x86_64 | 0.1.8 | 7.00 | 64.00 | 71.00 | OK | |
r-patched-linux-x86_64 | 0.1.8 | 5.48 | 50.32 | 55.80 | OK | |
r-release-linux-x86_64 | 0.1.8 | 4.15 | 49.92 | 54.07 | OK | |
r-release-macos-arm64 | 0.1.8 | 41.00 | OK | |||
r-release-macos-x86_64 | 0.1.8 | 57.00 | OK | |||
r-release-windows-x86_64 | 0.1.8 | 9.00 | 68.00 | 77.00 | OK | |
r-oldrel-macos-arm64 | 0.1.8 | 29.00 | NOTE | |||
r-oldrel-macos-x86_64 | 0.1.8 | 47.00 | NOTE | |||
r-oldrel-windows-x86_64 | 0.1.8 | 9.00 | 73.00 | 82.00 | OK |
Version: 0.1.8
Check: dependencies in R code
Result: NOTE
Namespaces in Imports field not imported from:
‘dplyr’ ‘magrittr’ ‘tibble’
All declared Imports should be used.
Flavors: r-devel-linux-x86_64-fedora-clang, r-devel-linux-x86_64-fedora-gcc, r-oldrel-macos-arm64, r-oldrel-macos-x86_64