Last updated on 2022-05-18 03:53:36 CEST.
Flavor | Version | Tinstall | Tcheck | Ttotal | Status | Flags |
---|---|---|---|---|---|---|
r-devel-linux-x86_64-debian-clang | 0.1.8 | 8.75 | 77.45 | 86.20 | OK | |
r-devel-linux-x86_64-debian-gcc | 0.1.8 | 6.47 | 58.92 | 65.39 | OK | |
r-devel-linux-x86_64-fedora-clang | 0.1.8 | 104.69 | NOTE | |||
r-devel-linux-x86_64-fedora-gcc | 0.1.8 | 97.98 | NOTE | |||
r-devel-windows-x86_64 | 0.1.8 | 29.00 | 93.00 | 122.00 | OK | |
r-patched-linux-x86_64 | 0.1.8 | 4.94 | 72.68 | 77.62 | OK | |
r-release-linux-x86_64 | 0.1.8 | 4.99 | 74.24 | 79.23 | OK | |
r-release-macos-arm64 | 0.1.8 | 29.00 | NOTE | |||
r-release-macos-x86_64 | 0.1.8 | 47.00 | NOTE | |||
r-release-windows-x86_64 | 0.1.8 | 22.00 | 106.00 | 128.00 | OK | |
r-oldrel-macos-arm64 | 0.1.8 | 31.00 | NOTE | |||
r-oldrel-macos-x86_64 | 0.1.8 | 54.00 | NOTE | |||
r-oldrel-windows-ix86+x86_64 | 0.1.8 | 19.00 | 94.00 | 113.00 | OK |
Version: 0.1.8
Check: dependencies in R code
Result: NOTE
Namespaces in Imports field not imported from:
‘dplyr’ ‘magrittr’ ‘tibble’
All declared Imports should be used.
Flavors: r-devel-linux-x86_64-fedora-clang, r-devel-linux-x86_64-fedora-gcc, r-release-macos-arm64, r-release-macos-x86_64, r-oldrel-macos-arm64, r-oldrel-macos-x86_64