Last updated on 2022-05-18 15:49:01 CEST.
Flavor | Version | Tinstall | Tcheck | Ttotal | Status | Flags |
---|---|---|---|---|---|---|
r-devel-linux-x86_64-debian-clang | 0.3.1 | 34.80 | 98.91 | 133.71 | WARN | |
r-devel-linux-x86_64-debian-gcc | 0.3.1 | 27.86 | 74.62 | 102.48 | OK | |
r-devel-linux-x86_64-fedora-clang | 0.3.1 | 174.67 | WARN | |||
r-devel-linux-x86_64-fedora-gcc | 0.3.1 | 173.15 | NOTE | |||
r-devel-windows-x86_64 | 0.3.1 | 47.00 | 124.00 | 171.00 | OK | |
r-patched-linux-x86_64 | 0.3.1 | 30.40 | 92.33 | 122.73 | OK | |
r-release-linux-x86_64 | 0.3.1 | 29.42 | 94.38 | 123.80 | OK | |
r-release-macos-arm64 | 0.3.1 | 49.00 | NOTE | |||
r-release-macos-x86_64 | 0.3.1 | 66.00 | NOTE | |||
r-release-windows-x86_64 | 0.3.1 | 41.00 | 125.00 | 166.00 | OK | |
r-oldrel-macos-arm64 | 0.3.1 | 37.00 | NOTE | |||
r-oldrel-macos-x86_64 | 0.3.1 | 62.00 | NOTE | |||
r-oldrel-windows-ix86+x86_64 | 0.3.1 | 86.00 | 158.00 | 244.00 | OK |
Version: 0.3.1
Check: whether package can be installed
Result: WARN
Found the following significant warnings:
forceBundle.cpp:14:6: warning: use of bitwise '&' with boolean operands [-Wbitwise-instead-of-logical]
forceBundle.cpp:269:8: warning: use of bitwise '|' with boolean operands [-Wbitwise-instead-of-logical]
Flavors: r-devel-linux-x86_64-debian-clang, r-devel-linux-x86_64-fedora-clang
Version: 0.3.1
Check: data for non-ASCII characters
Result: NOTE
Note: found 22 marked UTF-8 strings
Flavors: r-devel-linux-x86_64-fedora-clang, r-devel-linux-x86_64-fedora-gcc, r-release-macos-arm64, r-release-macos-x86_64, r-oldrel-macos-arm64, r-oldrel-macos-x86_64