CRAN Package Check Results for Package ebirdst

Last updated on 2024-02-21 15:50:45 CET.

Flavor Version Tinstall Tcheck Ttotal Status Flags
r-devel-linux-x86_64-debian-clang 3.2022.1 ERROR
r-devel-linux-x86_64-debian-gcc 3.2022.1 3.34 58.08 61.42 OK
r-devel-linux-x86_64-fedora-clang 3.2022.1 2.21 ERROR
r-devel-linux-x86_64-fedora-gcc 3.2022.1 108.22 OK
r-devel-windows-x86_64 3.2022.1 6.00 93.00 99.00 OK
r-patched-linux-x86_64 3.2022.1 5.08 75.84 80.92 OK
r-release-linux-x86_64 3.2022.1 4.99 74.09 79.08 OK
r-release-macos-arm64 3.2022.1 66.00 OK
r-release-macos-x86_64 3.2022.1 95.00 OK
r-release-windows-x86_64 3.2022.1 7.00 110.00 117.00 OK
r-oldrel-macos-arm64 3.2022.1 62.00 OK
r-oldrel-windows-x86_64 3.2022.1 7.00 115.00 122.00 OK

Check Details

Version: 3.2022.1
Check: package dependencies
Result: ERROR Package required but not available: ‘arrow’ See section ‘The DESCRIPTION file’ in the ‘Writing R Extensions’ manual. Flavors: r-devel-linux-x86_64-debian-clang, r-devel-linux-x86_64-fedora-clang