CRAN Package Check Results for Package easycensus

Last updated on 2024-06-17 03:49:49 CEST.

Flavor Version Tinstall Tcheck Ttotal Status Flags
r-devel-linux-x86_64-debian-clang 1.1.1 6.43 56.81 63.24 OK
r-devel-linux-x86_64-debian-gcc 1.1.1 5.38 42.77 48.15 OK
r-devel-linux-x86_64-fedora-clang 1.1.1 83.93 NOTE
r-devel-linux-x86_64-fedora-gcc 1.1.1 75.70 NOTE
r-devel-windows-x86_64 1.1.1 7.00 63.00 70.00 OK
r-patched-linux-x86_64 1.1.1 14.44 53.15 67.59 OK
r-release-linux-x86_64 1.1.1 5.75 54.77 60.52 OK
r-release-macos-arm64 1.1.1 30.00 OK
r-release-macos-x86_64 1.1.1 57.00 OK
r-release-windows-x86_64 1.1.1 9.00 63.00 72.00 OK
r-oldrel-macos-arm64 1.1.1 31.00 OK
r-oldrel-macos-x86_64 1.1.1 42.00 OK
r-oldrel-windows-x86_64 1.1.1 8.00 71.00 79.00 OK

Check Details

Version: 1.1.1
Check: data for non-ASCII characters
Result: NOTE Note: found 10 marked UTF-8 strings Flavors: r-devel-linux-x86_64-fedora-clang, r-devel-linux-x86_64-fedora-gcc