CRAN Package Check Results for Package earthtones

Last updated on 2022-05-21 04:59:08 CEST.

Flavor Version Tinstall Tcheck Ttotal Status Flags
r-devel-linux-x86_64-debian-clang 0.1.1 1.44 33.14 34.58 NOTE
r-devel-linux-x86_64-debian-gcc 0.1.1 1.73 25.87 27.60 NOTE
r-devel-linux-x86_64-fedora-clang 0.1.1 43.15 NOTE
r-devel-linux-x86_64-fedora-gcc 0.1.1 41.66 NOTE
r-devel-windows-x86_64 0.1.1 12.00 49.00 61.00 NOTE
r-patched-linux-x86_64 0.1.1 7.85 31.76 39.61 NOTE
r-release-linux-x86_64 0.1.1 2.21 32.30 34.51 NOTE
r-release-macos-arm64 0.1.1 17.00 NOTE
r-release-macos-x86_64 0.1.1 32.00 NOTE
r-release-windows-x86_64 0.1.1 10.00 50.00 60.00 NOTE
r-oldrel-macos-arm64 0.1.1 21.00 NOTE
r-oldrel-macos-x86_64 0.1.1 25.00 NOTE
r-oldrel-windows-ix86+x86_64 0.1.1 6.00 46.00 52.00 NOTE

Check Details

Version: 0.1.1
Check: LazyData
Result: NOTE
     'LazyData' is specified without a 'data' directory
Flavors: r-devel-linux-x86_64-debian-clang, r-devel-linux-x86_64-debian-gcc, r-devel-linux-x86_64-fedora-clang, r-devel-linux-x86_64-fedora-gcc, r-devel-windows-x86_64, r-patched-linux-x86_64, r-release-linux-x86_64, r-release-macos-arm64, r-release-macos-x86_64, r-release-windows-x86_64, r-oldrel-macos-arm64, r-oldrel-macos-x86_64, r-oldrel-windows-ix86+x86_64