Last updated on 2022-07-02 03:51:27 CEST.
Flavor | Version | Tinstall | Tcheck | Ttotal | Status | Flags |
---|---|---|---|---|---|---|
r-devel-linux-x86_64-debian-clang | 0.4-3 | 45.43 | 109.05 | 154.48 | OK | |
r-devel-linux-x86_64-debian-gcc | 0.4-3 | 36.00 | 81.16 | 117.16 | OK | |
r-devel-linux-x86_64-fedora-clang | 0.4-3 | 209.11 | OK | |||
r-devel-linux-x86_64-fedora-gcc | 0.4-3 | 198.57 | OK | |||
r-devel-windows-x86_64 | 0.4-3 | 46.00 | 151.00 | 197.00 | OK | |
r-patched-linux-x86_64 | 0.4-3 | 31.82 | 103.54 | 135.36 | OK | |
r-release-linux-x86_64 | 0.4-3 | 34.73 | 100.90 | 135.63 | OK | |
r-release-macos-arm64 | 0.4-3 | 53.00 | NOTE | |||
r-release-macos-x86_64 | 0.4-3 | 98.00 | NOTE | |||
r-release-windows-x86_64 | 0.4-3 | 50.00 | 157.00 | 207.00 | OK | |
r-oldrel-macos-arm64 | 0.4-3 | 62.00 | NOTE | |||
r-oldrel-macos-x86_64 | 0.4-3 | 68.00 | NOTE | |||
r-oldrel-windows-ix86+x86_64 | 0.4-3 | 83.00 | 169.00 | 252.00 | OK |
Version: 0.4-3
Check: installed package size
Result: NOTE
installed size is 5.7Mb
sub-directories of 1Mb or more:
libs 5.5Mb
Flavors: r-release-macos-arm64, r-release-macos-x86_64, r-oldrel-macos-arm64, r-oldrel-macos-x86_64