CRAN Package Check Results for Package dupree

Last updated on 2022-10-06 15:53:41 CEST.

Flavor Version Tinstall Tcheck Ttotal Status Flags
r-devel-linux-x86_64-debian-clang 0.3.0 7.03 63.33 70.36 NOTE
r-devel-linux-x86_64-debian-gcc 0.3.0 5.77 45.99 51.76 NOTE
r-devel-linux-x86_64-fedora-clang 0.3.0 93.72 NOTE
r-devel-linux-x86_64-fedora-gcc 0.3.0 87.64 NOTE
r-devel-windows-x86_64 0.3.0 25.00 94.00 119.00 NOTE
r-patched-linux-x86_64 0.3.0 5.32 56.08 61.40 NOTE
r-release-linux-x86_64 0.3.0 5.62 56.35 61.97 NOTE
r-release-macos-arm64 0.3.0 28.00 NOTE
r-release-macos-x86_64 0.3.0 51.00 NOTE
r-release-windows-x86_64 0.3.0 30.00 88.00 118.00 NOTE
r-oldrel-macos-arm64 0.3.0 29.00 NOTE
r-oldrel-macos-x86_64 0.3.0 44.00 NOTE
r-oldrel-windows-ix86+x86_64 0.3.0 18.00 85.00 103.00 NOTE

Check Details

Version: 0.3.0
Check: LazyData
Result: NOTE
     'LazyData' is specified without a 'data' directory
Flavors: r-devel-linux-x86_64-debian-clang, r-devel-linux-x86_64-debian-gcc, r-devel-linux-x86_64-fedora-clang, r-devel-linux-x86_64-fedora-gcc, r-devel-windows-x86_64, r-patched-linux-x86_64, r-release-linux-x86_64, r-release-macos-arm64, r-release-macos-x86_64, r-release-windows-x86_64, r-oldrel-macos-arm64, r-oldrel-macos-x86_64, r-oldrel-windows-ix86+x86_64