CRAN Package Check Results for Package dtwclust

Last updated on 2024-05-28 15:49:00 CEST.

Flavor Version Tinstall Tcheck Ttotal Status Flags
r-devel-linux-x86_64-debian-clang 5.5.12 196.97 411.64 608.61 WARN
r-devel-linux-x86_64-debian-gcc 5.5.12 132.08 303.46 435.54 WARN
r-devel-linux-x86_64-fedora-clang 5.5.12 849.47 NOTE
r-devel-linux-x86_64-fedora-gcc 5.5.12 832.92 NOTE
r-devel-windows-x86_64 5.5.12 168.00 299.00 467.00 NOTE
r-patched-linux-x86_64 5.5.12 162.59 407.59 570.18 NOTE
r-release-linux-x86_64 5.5.12 169.17 406.61 575.78 NOTE
r-release-macos-arm64 5.5.12 175.00 NOTE
r-release-windows-x86_64 5.5.12 169.00 297.00 466.00 NOTE
r-oldrel-macos-arm64 5.5.12 212.00 NOTE
r-oldrel-macos-x86_64 5.5.12 402.00 NOTE
r-oldrel-windows-x86_64 5.5.12 207.00 374.00 581.00 NOTE

Additional issues

Intel

Check Details

Version: 5.5.12
Check: for GNU extensions in Makefiles
Result: NOTE GNU make is a SystemRequirements. Flavors: r-devel-linux-x86_64-debian-clang, r-devel-linux-x86_64-debian-gcc, r-devel-linux-x86_64-fedora-clang, r-devel-linux-x86_64-fedora-gcc, r-devel-windows-x86_64, r-patched-linux-x86_64, r-release-linux-x86_64, r-release-macos-arm64, r-release-windows-x86_64, r-oldrel-macos-arm64, r-oldrel-macos-x86_64, r-oldrel-windows-x86_64

Version: 5.5.12
Check: re-building of vignette outputs
Result: WARN Error(s) in re-building vignettes: ... --- re-building ‘parallelization-considerations.Rmd’ using rmarkdown_notangle --- finished re-building ‘parallelization-considerations.Rmd’ --- re-building ‘timing-experiments.Rmd’ using rmarkdown_notangle ** Processing: /home/hornik/tmp/R.check/r-devel-clang/Work/PKGS/dtwclust.Rcheck/vign_test/dtwclust/vignettes/timing-experiments_files/figure-html/dist-single-lb-1.png 624x432 pixels, 3x8 bits/pixel, RGB Input IDAT size = 32322 bytes Input file size = 32436 bytes Trying: zc = 9 zm = 8 zs = 0 f = 0 IDAT size = 27894 zc = 9 zm = 8 zs = 1 f = 0 zc = 1 zm = 8 zs = 2 f = 0 zc = 9 zm = 8 zs = 3 f = 0 zc = 9 zm = 8 zs = 0 f = 5 zc = 9 zm = 8 zs = 1 f = 5 zc = 1 zm = 8 zs = 2 f = 5 zc = 9 zm = 8 zs = 3 f = 5 Selecting parameters: zc = 9 zm = 8 zs = 0 f = 0 IDAT size = 27894 Output IDAT size = 27894 bytes (4428 bytes decrease) Output file size = 27972 bytes (4464 bytes = 13.76% decrease) ** Processing: /home/hornik/tmp/R.check/r-devel-clang/Work/PKGS/dtwclust.Rcheck/vign_test/dtwclust/vignettes/timing-experiments_files/figure-html/dist-single-sbd-1.png 480x336 pixels, 8 bits/pixel, 256 colors in palette Reducing image to 8 bits/pixel, grayscale Input IDAT size = 8065 bytes Input file size = 8923 bytes Trying: zc = 9 zm = 8 zs = 0 f = 0 IDAT size = 6717 zc = 9 zm = 8 zs = 1 f = 0 IDAT size = 6708 zc = 1 zm = 8 zs = 2 f = 0 zc = 9 zm = 8 zs = 3 f = 0 zc = 9 zm = 8 zs = 0 f = 5 zc = 9 zm = 8 zs = 1 f = 5 zc = 1 zm = 8 zs = 2 f = 5 zc = 9 zm = 8 zs = 3 f = 5 Selecting parameters: zc = 9 zm = 8 zs = 1 f = 0 IDAT size = 6708 Output IDAT size = 6708 bytes (1357 bytes decrease) Output file size = 6786 bytes (2137 bytes = 23.95% decrease) ** Processing: /home/hornik/tmp/R.check/r-devel-clang/Work/PKGS/dtwclust.Rcheck/vign_test/dtwclust/vignettes/timing-experiments_files/figure-html/dist-single-dtw-1.png 624x432 pixels, 3x8 bits/pixel, RGB Input IDAT size = 57995 bytes Input file size = 58157 bytes Trying: zc = 9 zm = 8 zs = 0 f = 0 IDAT size = 46646 zc = 9 zm = 8 zs = 1 f = 0 zc = 1 zm = 8 zs = 2 f = 0 zc = 9 zm = 8 zs = 3 f = 0 zc = 9 zm = 8 zs = 0 f = 5 zc = 9 zm = 8 zs = 1 f = 5 zc = 1 zm = 8 zs = 2 f = 5 zc = 9 zm = 8 zs = 3 f = 5 Selecting parameters: zc = 9 zm = 8 zs = 0 f = 0 IDAT size = 46646 Output IDAT size = 46646 bytes (11349 bytes decrease) Output file size = 46724 bytes (11433 bytes = 19.66% decrease) ** Processing: /home/hornik/tmp/R.check/r-devel-clang/Work/PKGS/dtwclust.Rcheck/vign_test/dtwclust/vignettes/timing-experiments_files/figure-html/dist-single-sdtw-1.png 624x384 pixels, 8 bits/pixel, 256 colors in palette Reducing image to 8 bits/pixel, grayscale Input IDAT size = 11810 bytes Input file size = 12680 bytes Trying: zc = 9 zm = 8 zs = 0 f = 0 IDAT size = 10482 zc = 9 zm = 8 zs = 1 f = 0 zc = 1 zm = 8 zs = 2 f = 0 zc = 9 zm = 8 zs = 3 f = 0 zc = 9 zm = 8 zs = 0 f = 5 zc = 9 zm = 8 zs = 1 f = 5 zc = 1 zm = 8 zs = 2 f = 5 zc = 9 zm = 8 zs = 3 f = 5 Selecting parameters: zc = 9 zm = 8 zs = 0 f = 0 IDAT size = 10482 Output IDAT size = 10482 bytes (1328 bytes decrease) Output file size = 10560 bytes (2120 bytes = 16.72% decrease) ** Processing: /home/hornik/tmp/R.check/r-devel-clang/Work/PKGS/dtwclust.Rcheck/vign_test/dtwclust/vignettes/timing-experiments_files/figure-html/dist-single-gak-1.png 624x576 pixels, 3x8 bits/pixel, RGB Input IDAT size = 43515 bytes Input file size = 43653 bytes Trying: zc = 9 zm = 8 zs = 0 f = 0 IDAT size = 34746 zc = 9 zm = 8 zs = 1 f = 0 zc = 1 zm = 8 zs = 2 f = 0 zc = 9 zm = 8 zs = 3 f = 0 zc = 9 zm = 8 zs = 0 f = 5 zc = 9 zm = 8 zs = 1 f = 5 zc = 1 zm = 8 zs = 2 f = 5 zc = 9 zm = 8 zs = 3 f = 5 Selecting parameters: zc = 9 zm = 8 zs = 0 f = 0 IDAT size = 34746 Output IDAT size = 34746 bytes (8769 bytes decrease) Output file size = 34824 bytes (8829 bytes = 20.23% decrease) ** Processing: /home/hornik/tmp/R.check/r-devel-clang/Work/PKGS/dtwclust.Rcheck/vign_test/dtwclust/vignettes/timing-experiments_files/figure-html/dist-multiple-lb-plot-1.png 624x672 pixels, 3x8 bits/pixel, RGB Input IDAT size = 49748 bytes Input file size = 49898 bytes Trying: zc = 9 zm = 8 zs = 0 f = 0 IDAT size = 37918 zc = 9 zm = 8 zs = 1 f = 0 zc = 1 zm = 8 zs = 2 f = 0 zc = 9 zm = 8 zs = 3 f = 0 zc = 9 zm = 8 zs = 0 f = 5 zc = 9 zm = 8 zs = 1 f = 5 zc = 1 zm = 8 zs = 2 f = 5 zc = 9 zm = 8 zs = 3 f = 5 Selecting parameters: zc = 9 zm = 8 zs = 0 f = 0 IDAT size = 37918 Output IDAT size = 37918 bytes (11830 bytes decrease) Output file size = 37996 bytes (11902 bytes = 23.85% decrease) ** Processing: /home/hornik/tmp/R.check/r-devel-clang/Work/PKGS/dtwclust.Rcheck/vign_test/dtwclust/vignettes/timing-experiments_files/figure-html/dist-multiple-sbd-plot-1.png 624x432 pixels, 3x8 bits/pixel, RGB Input IDAT size = 32278 bytes Input file size = 32392 bytes Trying: zc = 9 zm = 8 zs = 0 f = 0 IDAT size = 26124 zc = 9 zm = 8 zs = 1 f = 0 zc = 1 zm = 8 zs = 2 f = 0 zc = 9 zm = 8 zs = 3 f = 0 zc = 9 zm = 8 zs = 0 f = 5 zc = 9 zm = 8 zs = 1 f = 5 zc = 1 zm = 8 zs = 2 f = 5 zc = 9 zm = 8 zs = 3 f = 5 Selecting parameters: zc = 9 zm = 8 zs = 0 f = 0 IDAT size = 26124 Output IDAT size = 26124 bytes (6154 bytes decrease) Output file size = 26202 bytes (6190 bytes = 19.11% decrease) ** Processing: /home/hornik/tmp/R.check/r-devel-clang/Work/PKGS/dtwclust.Rcheck/vign_test/dtwclust/vignettes/timing-experiments_files/figure-html/dist-multiple-dtw-plot-1.png 624x768 pixels, 3x8 bits/pixel, RGB Input IDAT size = 88086 bytes Input file size = 88284 bytes Trying: zc = 9 zm = 8 zs = 0 f = 0 IDAT size = 73777 zc = 9 zm = 8 zs = 1 f = 0 zc = 1 zm = 8 zs = 2 f = 0 zc = 9 zm = 8 zs = 3 f = 0 zc = 9 zm = 8 zs = 0 f = 5 zc = 9 zm = 8 zs = 1 f = 5 zc = 1 zm = 8 zs = 2 f = 5 zc = 9 zm = 8 zs = 3 f = 5 Selecting parameters: zc = 9 zm = 8 zs = 0 f = 0 IDAT size = 73777 Output IDAT size = 73777 bytes (14309 bytes decrease) Output file size = 73855 bytes (14429 bytes = 16.34% decrease) ** Processing: /home/hornik/tmp/R.check/r-devel-clang/Work/PKGS/dtwclust.Rcheck/vign_test/dtwclust/vignettes/timing-experiments_files/figure-html/dist-multiple-sdtw-plot-1.png 624x432 pixels, 3x8 bits/pixel, RGB Input IDAT size = 30177 bytes Input file size = 30291 bytes Trying: zc = 9 zm = 8 zs = 0 f = 0 IDAT size = 24652 zc = 9 zm = 8 zs = 1 f = 0 zc = 1 zm = 8 zs = 2 f = 0 zc = 9 zm = 8 zs = 3 f = 0 zc = 9 zm = 8 zs = 0 f = 5 zc = 9 zm = 8 zs = 1 f = 5 zc = 1 zm = 8 zs = 2 f = 5 zc = 9 zm = 8 zs = 3 f = 5 Selecting parameters: zc = 9 zm = 8 zs = 0 f = 0 IDAT size = 24652 Output IDAT size = 24652 bytes (5525 bytes decrease) Output file size = 24730 bytes (5561 bytes = 18.36% decrease) ** Processing: /home/hornik/tmp/R.check/r-devel-clang/Work/PKGS/dtwclust.Rcheck/vign_test/dtwclust/vignettes/timing-experiments_files/figure-html/dist-multiple-gak-plot-1.png 624x576 pixels, 3x8 bits/pixel, RGB Input IDAT size = 43029 bytes Input file size = 43167 bytes Trying: zc = 9 zm = 8 zs = 0 f = 0 IDAT size = 34341 zc = 9 zm = 8 zs = 1 f = 0 zc = 1 zm = 8 zs = 2 f = 0 zc = 9 zm = 8 zs = 3 f = 0 zc = 9 zm = 8 zs = 0 f = 5 zc = 9 zm = 8 zs = 1 f = 5 zc = 1 zm = 8 zs = 2 f = 5 zc = 9 zm = 8 zs = 3 f = 5 Selecting parameters: zc = 9 zm = 8 zs = 0 f = 0 IDAT size = 34341 Output IDAT size = 34341 bytes (8688 bytes decrease) Output file size = 34419 bytes (8748 bytes = 20.27% decrease) ** Processing: /home/hornik/tmp/R.check/r-devel-clang/Work/PKGS/dtwclust.Rcheck/vign_test/dtwclust/vignettes/timing-experiments_files/figure-html/cent-shape-plot-1.png 624x480 pixels, 3x8 bits/pixel, RGB Input IDAT size = 53119 bytes Input file size = 53269 bytes Trying: zc = 9 zm = 8 zs = 0 f = 0 IDAT size = 43341 zc = 9 zm = 8 zs = 1 f = 0 zc = 1 zm = 8 zs = 2 f = 0 zc = 9 zm = 8 zs = 3 f = 0 zc = 9 zm = 8 zs = 0 f = 5 zc = 9 zm = 8 zs = 1 f = 5 zc = 1 zm = 8 zs = 2 f = 5 zc = 9 zm = 8 zs = 3 f = 5 Selecting parameters: zc = 9 zm = 8 zs = 0 f = 0 IDAT size = 43341 Output IDAT size = 43341 bytes (9778 bytes decrease) Output file size = 43419 bytes (9850 bytes = 18.49% decrease) ** Processing: /home/hornik/tmp/R.check/r-devel-clang/Work/PKGS/dtwclust.Rcheck/vign_test/dtwclust/vignettes/timing-experiments_files/figure-html/cent-dba-plot-1.png 624x1920 pixels, 3x8 bits/pixel, RGB Input IDAT size = 335195 bytes Input file size = 335753 bytes Trying: zc = 9 zm = 8 zs = 0 f = 0 IDAT size = 271929 zc = 9 zm = 8 zs = 1 f = 0 zc = 1 zm = 8 zs = 2 f = 0 zc = 9 zm = 8 zs = 3 f = 0 zc = 9 zm = 8 zs = 0 f = 5 zc = 9 zm = 8 zs = 1 f = 5 zc = 1 zm = 8 zs = 2 f = 5 zc = 9 zm = 8 zs = 3 f = 5 Selecting parameters: zc = 9 zm = 8 zs = 0 f = 0 IDAT size = 271929 Output IDAT size = 271929 bytes (63266 bytes decrease) Output file size = 272007 bytes (63746 bytes = 18.99% decrease) ** Processing: /home/hornik/tmp/R.check/r-devel-clang/Work/PKGS/dtwclust.Rcheck/vign_test/dtwclust/vignettes/timing-experiments_files/figure-html/cent-sdtwc-plot-1.png 624x672 pixels, 3x8 bits/pixel, RGB Input IDAT size = 72877 bytes Input file size = 73051 bytes Trying: zc = 9 zm = 8 zs = 0 f = 0 IDAT size = 58277 zc = 9 zm = 8 zs = 1 f = 0 zc = 1 zm = 8 zs = 2 f = 0 zc = 9 zm = 8 zs = 3 f = 0 zc = 9 zm = 8 zs = 0 f = 5 zc = 9 zm = 8 zs = 1 f = 5 zc = 1 zm = 8 zs = 2 f = 5 zc = 9 zm = 8 zs = 3 f = 5 Selecting parameters: zc = 9 zm = 8 zs = 0 f = 0 IDAT size = 58277 Output IDAT size = 58277 bytes (14600 bytes decrease) Output file size = 58355 bytes (14696 bytes = 20.12% decrease) ** Processing: /home/hornik/tmp/R.check/r-devel-clang/Work/PKGS/dtwclust.Rcheck/vign_test/dtwclust/vignettes/timing-experiments_files/figure-html/clust-tadpole-plot-1.png 624x672 pixels, 3x8 bits/pixel, RGB Input IDAT size = 69432 bytes Input file size = 69606 bytes Trying: zc = 9 zm = 8 zs = 0 f = 0 IDAT size = 60631 zc = 9 zm = 8 zs = 1 f = 0 zc = 1 zm = 8 zs = 2 f = 0 zc = 9 zm = 8 zs = 3 f = 0 zc = 9 zm = 8 zs = 0 f = 5 zc = 9 zm = 8 zs = 1 f = 5 zc = 1 zm = 8 zs = 2 f = 5 zc = 9 zm = 8 zs = 3 f = 5 Selecting parameters: zc = 9 zm = 8 zs = 0 f = 0 IDAT size = 60631 Output IDAT size = 60631 bytes (8801 bytes decrease) Output file size = 60709 bytes (8897 bytes = 12.78% decrease) ** Processing: /home/hornik/tmp/R.check/r-devel-clang/Work/PKGS/dtwclust.Rcheck/vign_test/dtwclust/vignettes/timing-experiments_files/figure-html/clust-part-dtw-pam-plot-1.png 624x480 pixels, 3x8 bits/pixel, RGB Input IDAT size = 57831 bytes Input file size = 57993 bytes Trying: zc = 9 zm = 8 zs = 0 f = 0 IDAT size = 47745 zc = 9 zm = 8 zs = 1 f = 0 zc = 1 zm = 8 zs = 2 f = 0 zc = 9 zm = 8 zs = 3 f = 0 zc = 9 zm = 8 zs = 0 f = 5 zc = 9 zm = 8 zs = 1 f = 5 zc = 1 zm = 8 zs = 2 f = 5 zc = 9 zm = 8 zs = 3 f = 5 Selecting parameters: zc = 9 zm = 8 zs = 0 f = 0 IDAT size = 47745 Output IDAT size = 47745 bytes (10086 bytes decrease) Output file size = 47823 bytes (10170 bytes = 17.54% decrease) ** Processing: /home/hornik/tmp/R.check/r-devel-clang/Work/PKGS/dtwclust.Rcheck/vign_test/dtwclust/vignettes/timing-experiments_files/figure-html/clust-part-dtw-pam-reps-plot-1.png 624x480 pixels, 3x8 bits/pixel, RGB Input IDAT size = 66356 bytes Input file size = 66530 bytes Trying: zc = 9 zm = 8 zs = 0 f = 0 IDAT size = 54530 zc = 9 zm = 8 zs = 1 f = 0 zc = 1 zm = 8 zs = 2 f = 0 zc = 9 zm = 8 zs = 3 f = 0 zc = 9 zm = 8 zs = 0 f = 5 zc = 9 zm = 8 zs = 1 f = 5 zc = 1 zm = 8 zs = 2 f = 5 zc = 9 zm = 8 zs = 3 f = 5 Selecting parameters: zc = 9 zm = 8 zs = 0 f = 0 IDAT size = 54530 Output IDAT size = 54530 bytes (11826 bytes decrease) Output file size = 54608 bytes (11922 bytes = 17.92% decrease) ** Processing: /home/hornik/tmp/R.check/r-devel-clang/Work/PKGS/dtwclust.Rcheck/vign_test/dtwclust/vignettes/timing-experiments_files/figure-html/clust-part-dtw-pam-reps-distmat-plot-1.png 624x480 pixels, 3x8 bits/pixel, RGB Input IDAT size = 61826 bytes Input file size = 61988 bytes Trying: zc = 9 zm = 8 zs = 0 f = 0 IDAT size = 47782 zc = 9 zm = 8 zs = 1 f = 0 zc = 1 zm = 8 zs = 2 f = 0 zc = 9 zm = 8 zs = 3 f = 0 zc = 9 zm = 8 zs = 0 f = 5 zc = 9 zm = 8 zs = 1 f = 5 zc = 1 zm = 8 zs = 2 f = 5 zc = 9 zm = 8 zs = 3 f = 5 Selecting parameters: zc = 9 zm = 8 zs = 0 f = 0 IDAT size = 47782 Output IDAT size = 47782 bytes (14044 bytes decrease) Output file size = 47860 bytes (14128 bytes = 22.79% decrease) ** Processing: /home/hornik/tmp/R.check/r-devel-clang/Work/PKGS/dtwclust.Rcheck/vign_test/dtwclust/vignettes/timing-experiments_files/figure-html/clust-part-dtw-dba-plot-1.png 624x480 pixels, 3x8 bits/pixel, RGB Input IDAT size = 53619 bytes Input file size = 53769 bytes Trying: zc = 9 zm = 8 zs = 0 f = 0 IDAT size = 45056 zc = 9 zm = 8 zs = 1 f = 0 zc = 1 zm = 8 zs = 2 f = 0 zc = 9 zm = 8 zs = 3 f = 0 zc = 9 zm = 8 zs = 0 f = 5 zc = 9 zm = 8 zs = 1 f = 5 zc = 1 zm = 8 zs = 2 f = 5 zc = 9 zm = 8 zs = 3 f = 5 Selecting parameters: zc = 9 zm = 8 zs = 0 f = 0 IDAT size = 45056 Output IDAT size = 45056 bytes (8563 bytes decrease) Output file size = 45134 bytes (8635 bytes = 16.06% decrease) ** Processing: /home/hornik/tmp/R.check/r-devel-clang/Work/PKGS/dtwclust.Rcheck/vign_test/dtwclust/vignettes/timing-experiments_files/figure-html/clust-part-sparse-pam-k-nonsymmetric-plot-1.png 624x480 pixels, 3x8 bits/pixel, RGB Input IDAT size = 41185 bytes Input file size = 41323 bytes Trying: zc = 9 zm = 8 zs = 0 f = 0 IDAT size = 34754 zc = 9 zm = 8 zs = 1 f = 0 zc = 1 zm = 8 zs = 2 f = 0 zc = 9 zm = 8 zs = 3 f = 0 zc = 9 zm = 8 zs = 0 f = 5 zc = 9 zm = 8 zs = 1 f = 5 zc = 1 zm = 8 zs = 2 f = 5 zc = 9 zm = 8 zs = 3 f = 5 Selecting parameters: zc = 9 zm = 8 zs = 0 f = 0 IDAT size = 34754 Output IDAT size = 34754 bytes (6431 bytes decrease) Output file size = 34832 bytes (6491 bytes = 15.71% decrease) ** Processing: /home/hornik/tmp/R.check/r-devel-clang/Work/PKGS/dtwclust.Rcheck/vign_test/dtwclust/vignettes/timing-experiments_files/figure-html/clust-part-sparse-pam-k-nonsymmetric-plot-2.png 624x480 pixels, 3x8 bits/pixel, RGB Input IDAT size = 41563 bytes Input file size = 41701 bytes Trying: zc = 9 zm = 8 zs = 0 f = 0 IDAT size = 33395 zc = 9 zm = 8 zs = 1 f = 0 zc = 1 zm = 8 zs = 2 f = 0 zc = 9 zm = 8 zs = 3 f = 0 zc = 9 zm = 8 zs = 0 f = 5 zc = 9 zm = 8 zs = 1 f = 5 zc = 1 zm = 8 zs = 2 f = 5 zc = 9 zm = 8 zs = 3 f = 5 Selecting parameters: zc = 9 zm = 8 zs = 0 f = 0 IDAT size = 33395 Output IDAT size = 33395 bytes (8168 bytes decrease) Output file size = 33473 bytes (8228 bytes = 19.73% decrease) ** Processing: /home/hornik/tmp/R.check/r-devel-clang/Work/PKGS/dtwclust.Rcheck/vign_test/dtwclust/vignettes/timing-experiments_files/figure-html/clust-part-sparse-pam-k-symmetric-plot-1.png 624x480 pixels, 3x8 bits/pixel, RGB Input IDAT size = 37680 bytes Input file size = 37806 bytes Trying: zc = 9 zm = 8 zs = 0 f = 0 IDAT size = 31527 zc = 9 zm = 8 zs = 1 f = 0 zc = 1 zm = 8 zs = 2 f = 0 zc = 9 zm = 8 zs = 3 f = 0 zc = 9 zm = 8 zs = 0 f = 5 zc = 9 zm = 8 zs = 1 f = 5 zc = 1 zm = 8 zs = 2 f = 5 zc = 9 zm = 8 zs = 3 f = 5 Selecting parameters: zc = 9 zm = 8 zs = 0 f = 0 IDAT size = 31527 Output IDAT size = 31527 bytes (6153 bytes decrease) Output file size = 31605 bytes (6201 bytes = 16.40% decrease) ** Processing: /home/hornik/tmp/R.check/r-devel-clang/Work/PKGS/dtwclust.Rcheck/vign_test/dtwclust/vignettes/timing-experiments_files/figure-html/clust-part-sparse-pam-k-symmetric-plot-2.png 624x480 pixels, 3x8 bits/pixel, RGB Input IDAT size = 45880 bytes Input file size = 46018 bytes Trying: zc = 9 zm = 8 zs = 0 f = 0 IDAT size = 35845 zc = 9 zm = 8 zs = 1 f = 0 zc = 1 zm = 8 zs = 2 f = 0 zc = 9 zm = 8 zs = 3 f = 0 zc = 9 zm = 8 zs = 0 f = 5 zc = 9 zm = 8 zs = 1 f = 5 zc = 1 zm = 8 zs = 2 f = 5 zc = 9 zm = 8 zs = 3 f = 5 Selecting parameters: zc = 9 zm = 8 zs = 0 f = 0 IDAT size = 35845 Output IDAT size = 35845 bytes (10035 bytes decrease) Output file size = 35923 bytes (10095 bytes = 21.94% decrease) --- finished re-building ‘timing-experiments.Rmd’ --- re-building ‘dtwclust.Rnw’ using knitr_notangle Error: processing vignette 'dtwclust.Rnw' failed with diagnostics: Running 'texi2dvi' on 'dtwclust.tex' failed. LaTeX errors: ! Undefined control sequence. l.1593 \hlkwd{library}\hldef {(}\hlsng{"dtwclust"}\hldef{)} ? ! Emergency stop. ! Emergency stop. l.1593 End of file on the terminal! ! ==> Fatal error occurred, no output PDF file produced! --- failed re-building ‘dtwclust.Rnw’ SUMMARY: processing the following file failed: ‘dtwclust.Rnw’ Error: Vignette re-building failed. Execution halted Flavor: r-devel-linux-x86_64-debian-clang

Version: 5.5.12
Check: re-building of vignette outputs
Result: WARN Error(s) in re-building vignettes: ... --- re-building ‘parallelization-considerations.Rmd’ using rmarkdown_notangle --- finished re-building ‘parallelization-considerations.Rmd’ --- re-building ‘timing-experiments.Rmd’ using rmarkdown_notangle ** Processing: /home/hornik/tmp/R.check/r-devel-gcc/Work/PKGS/dtwclust.Rcheck/vign_test/dtwclust/vignettes/timing-experiments_files/figure-html/dist-single-lb-1.png 624x432 pixels, 3x8 bits/pixel, RGB Input IDAT size = 32322 bytes Input file size = 32436 bytes Trying: zc = 9 zm = 8 zs = 0 f = 0 IDAT size = 27894 zc = 9 zm = 8 zs = 1 f = 0 zc = 1 zm = 8 zs = 2 f = 0 zc = 9 zm = 8 zs = 3 f = 0 zc = 9 zm = 8 zs = 0 f = 5 zc = 9 zm = 8 zs = 1 f = 5 zc = 1 zm = 8 zs = 2 f = 5 zc = 9 zm = 8 zs = 3 f = 5 Selecting parameters: zc = 9 zm = 8 zs = 0 f = 0 IDAT size = 27894 Output IDAT size = 27894 bytes (4428 bytes decrease) Output file size = 27972 bytes (4464 bytes = 13.76% decrease) ** Processing: /home/hornik/tmp/R.check/r-devel-gcc/Work/PKGS/dtwclust.Rcheck/vign_test/dtwclust/vignettes/timing-experiments_files/figure-html/dist-single-sbd-1.png 480x336 pixels, 8 bits/pixel, 256 colors in palette Reducing image to 8 bits/pixel, grayscale Input IDAT size = 8065 bytes Input file size = 8923 bytes Trying: zc = 9 zm = 8 zs = 0 f = 0 IDAT size = 6717 zc = 9 zm = 8 zs = 1 f = 0 IDAT size = 6708 zc = 1 zm = 8 zs = 2 f = 0 zc = 9 zm = 8 zs = 3 f = 0 zc = 9 zm = 8 zs = 0 f = 5 zc = 9 zm = 8 zs = 1 f = 5 zc = 1 zm = 8 zs = 2 f = 5 zc = 9 zm = 8 zs = 3 f = 5 Selecting parameters: zc = 9 zm = 8 zs = 1 f = 0 IDAT size = 6708 Output IDAT size = 6708 bytes (1357 bytes decrease) Output file size = 6786 bytes (2137 bytes = 23.95% decrease) ** Processing: /home/hornik/tmp/R.check/r-devel-gcc/Work/PKGS/dtwclust.Rcheck/vign_test/dtwclust/vignettes/timing-experiments_files/figure-html/dist-single-dtw-1.png 624x432 pixels, 3x8 bits/pixel, RGB Input IDAT size = 57995 bytes Input file size = 58157 bytes Trying: zc = 9 zm = 8 zs = 0 f = 0 IDAT size = 46646 zc = 9 zm = 8 zs = 1 f = 0 zc = 1 zm = 8 zs = 2 f = 0 zc = 9 zm = 8 zs = 3 f = 0 zc = 9 zm = 8 zs = 0 f = 5 zc = 9 zm = 8 zs = 1 f = 5 zc = 1 zm = 8 zs = 2 f = 5 zc = 9 zm = 8 zs = 3 f = 5 Selecting parameters: zc = 9 zm = 8 zs = 0 f = 0 IDAT size = 46646 Output IDAT size = 46646 bytes (11349 bytes decrease) Output file size = 46724 bytes (11433 bytes = 19.66% decrease) ** Processing: /home/hornik/tmp/R.check/r-devel-gcc/Work/PKGS/dtwclust.Rcheck/vign_test/dtwclust/vignettes/timing-experiments_files/figure-html/dist-single-sdtw-1.png 624x384 pixels, 8 bits/pixel, 256 colors in palette Reducing image to 8 bits/pixel, grayscale Input IDAT size = 11810 bytes Input file size = 12680 bytes Trying: zc = 9 zm = 8 zs = 0 f = 0 IDAT size = 10482 zc = 9 zm = 8 zs = 1 f = 0 zc = 1 zm = 8 zs = 2 f = 0 zc = 9 zm = 8 zs = 3 f = 0 zc = 9 zm = 8 zs = 0 f = 5 zc = 9 zm = 8 zs = 1 f = 5 zc = 1 zm = 8 zs = 2 f = 5 zc = 9 zm = 8 zs = 3 f = 5 Selecting parameters: zc = 9 zm = 8 zs = 0 f = 0 IDAT size = 10482 Output IDAT size = 10482 bytes (1328 bytes decrease) Output file size = 10560 bytes (2120 bytes = 16.72% decrease) ** Processing: /home/hornik/tmp/R.check/r-devel-gcc/Work/PKGS/dtwclust.Rcheck/vign_test/dtwclust/vignettes/timing-experiments_files/figure-html/dist-single-gak-1.png 624x576 pixels, 3x8 bits/pixel, RGB Input IDAT size = 43515 bytes Input file size = 43653 bytes Trying: zc = 9 zm = 8 zs = 0 f = 0 IDAT size = 34746 zc = 9 zm = 8 zs = 1 f = 0 zc = 1 zm = 8 zs = 2 f = 0 zc = 9 zm = 8 zs = 3 f = 0 zc = 9 zm = 8 zs = 0 f = 5 zc = 9 zm = 8 zs = 1 f = 5 zc = 1 zm = 8 zs = 2 f = 5 zc = 9 zm = 8 zs = 3 f = 5 Selecting parameters: zc = 9 zm = 8 zs = 0 f = 0 IDAT size = 34746 Output IDAT size = 34746 bytes (8769 bytes decrease) Output file size = 34824 bytes (8829 bytes = 20.23% decrease) ** Processing: /home/hornik/tmp/R.check/r-devel-gcc/Work/PKGS/dtwclust.Rcheck/vign_test/dtwclust/vignettes/timing-experiments_files/figure-html/dist-multiple-lb-plot-1.png 624x672 pixels, 3x8 bits/pixel, RGB Input IDAT size = 49748 bytes Input file size = 49898 bytes Trying: zc = 9 zm = 8 zs = 0 f = 0 IDAT size = 37918 zc = 9 zm = 8 zs = 1 f = 0 zc = 1 zm = 8 zs = 2 f = 0 zc = 9 zm = 8 zs = 3 f = 0 zc = 9 zm = 8 zs = 0 f = 5 zc = 9 zm = 8 zs = 1 f = 5 zc = 1 zm = 8 zs = 2 f = 5 zc = 9 zm = 8 zs = 3 f = 5 Selecting parameters: zc = 9 zm = 8 zs = 0 f = 0 IDAT size = 37918 Output IDAT size = 37918 bytes (11830 bytes decrease) Output file size = 37996 bytes (11902 bytes = 23.85% decrease) ** Processing: /home/hornik/tmp/R.check/r-devel-gcc/Work/PKGS/dtwclust.Rcheck/vign_test/dtwclust/vignettes/timing-experiments_files/figure-html/dist-multiple-sbd-plot-1.png 624x432 pixels, 3x8 bits/pixel, RGB Input IDAT size = 32278 bytes Input file size = 32392 bytes Trying: zc = 9 zm = 8 zs = 0 f = 0 IDAT size = 26124 zc = 9 zm = 8 zs = 1 f = 0 zc = 1 zm = 8 zs = 2 f = 0 zc = 9 zm = 8 zs = 3 f = 0 zc = 9 zm = 8 zs = 0 f = 5 zc = 9 zm = 8 zs = 1 f = 5 zc = 1 zm = 8 zs = 2 f = 5 zc = 9 zm = 8 zs = 3 f = 5 Selecting parameters: zc = 9 zm = 8 zs = 0 f = 0 IDAT size = 26124 Output IDAT size = 26124 bytes (6154 bytes decrease) Output file size = 26202 bytes (6190 bytes = 19.11% decrease) ** Processing: /home/hornik/tmp/R.check/r-devel-gcc/Work/PKGS/dtwclust.Rcheck/vign_test/dtwclust/vignettes/timing-experiments_files/figure-html/dist-multiple-dtw-plot-1.png 624x768 pixels, 3x8 bits/pixel, RGB Input IDAT size = 88086 bytes Input file size = 88284 bytes Trying: zc = 9 zm = 8 zs = 0 f = 0 IDAT size = 73777 zc = 9 zm = 8 zs = 1 f = 0 zc = 1 zm = 8 zs = 2 f = 0 zc = 9 zm = 8 zs = 3 f = 0 zc = 9 zm = 8 zs = 0 f = 5 zc = 9 zm = 8 zs = 1 f = 5 zc = 1 zm = 8 zs = 2 f = 5 zc = 9 zm = 8 zs = 3 f = 5 Selecting parameters: zc = 9 zm = 8 zs = 0 f = 0 IDAT size = 73777 Output IDAT size = 73777 bytes (14309 bytes decrease) Output file size = 73855 bytes (14429 bytes = 16.34% decrease) ** Processing: /home/hornik/tmp/R.check/r-devel-gcc/Work/PKGS/dtwclust.Rcheck/vign_test/dtwclust/vignettes/timing-experiments_files/figure-html/dist-multiple-sdtw-plot-1.png 624x432 pixels, 3x8 bits/pixel, RGB Input IDAT size = 30177 bytes Input file size = 30291 bytes Trying: zc = 9 zm = 8 zs = 0 f = 0 IDAT size = 24652 zc = 9 zm = 8 zs = 1 f = 0 zc = 1 zm = 8 zs = 2 f = 0 zc = 9 zm = 8 zs = 3 f = 0 zc = 9 zm = 8 zs = 0 f = 5 zc = 9 zm = 8 zs = 1 f = 5 zc = 1 zm = 8 zs = 2 f = 5 zc = 9 zm = 8 zs = 3 f = 5 Selecting parameters: zc = 9 zm = 8 zs = 0 f = 0 IDAT size = 24652 Output IDAT size = 24652 bytes (5525 bytes decrease) Output file size = 24730 bytes (5561 bytes = 18.36% decrease) ** Processing: /home/hornik/tmp/R.check/r-devel-gcc/Work/PKGS/dtwclust.Rcheck/vign_test/dtwclust/vignettes/timing-experiments_files/figure-html/dist-multiple-gak-plot-1.png 624x576 pixels, 3x8 bits/pixel, RGB Input IDAT size = 43029 bytes Input file size = 43167 bytes Trying: zc = 9 zm = 8 zs = 0 f = 0 IDAT size = 34341 zc = 9 zm = 8 zs = 1 f = 0 zc = 1 zm = 8 zs = 2 f = 0 zc = 9 zm = 8 zs = 3 f = 0 zc = 9 zm = 8 zs = 0 f = 5 zc = 9 zm = 8 zs = 1 f = 5 zc = 1 zm = 8 zs = 2 f = 5 zc = 9 zm = 8 zs = 3 f = 5 Selecting parameters: zc = 9 zm = 8 zs = 0 f = 0 IDAT size = 34341 Output IDAT size = 34341 bytes (8688 bytes decrease) Output file size = 34419 bytes (8748 bytes = 20.27% decrease) ** Processing: /home/hornik/tmp/R.check/r-devel-gcc/Work/PKGS/dtwclust.Rcheck/vign_test/dtwclust/vignettes/timing-experiments_files/figure-html/cent-shape-plot-1.png 624x480 pixels, 3x8 bits/pixel, RGB Input IDAT size = 53119 bytes Input file size = 53269 bytes Trying: zc = 9 zm = 8 zs = 0 f = 0 IDAT size = 43341 zc = 9 zm = 8 zs = 1 f = 0 zc = 1 zm = 8 zs = 2 f = 0 zc = 9 zm = 8 zs = 3 f = 0 zc = 9 zm = 8 zs = 0 f = 5 zc = 9 zm = 8 zs = 1 f = 5 zc = 1 zm = 8 zs = 2 f = 5 zc = 9 zm = 8 zs = 3 f = 5 Selecting parameters: zc = 9 zm = 8 zs = 0 f = 0 IDAT size = 43341 Output IDAT size = 43341 bytes (9778 bytes decrease) Output file size = 43419 bytes (9850 bytes = 18.49% decrease) ** Processing: /home/hornik/tmp/R.check/r-devel-gcc/Work/PKGS/dtwclust.Rcheck/vign_test/dtwclust/vignettes/timing-experiments_files/figure-html/cent-dba-plot-1.png 624x1920 pixels, 3x8 bits/pixel, RGB Input IDAT size = 335195 bytes Input file size = 335753 bytes Trying: zc = 9 zm = 8 zs = 0 f = 0 IDAT size = 271929 zc = 9 zm = 8 zs = 1 f = 0 zc = 1 zm = 8 zs = 2 f = 0 zc = 9 zm = 8 zs = 3 f = 0 zc = 9 zm = 8 zs = 0 f = 5 zc = 9 zm = 8 zs = 1 f = 5 zc = 1 zm = 8 zs = 2 f = 5 zc = 9 zm = 8 zs = 3 f = 5 Selecting parameters: zc = 9 zm = 8 zs = 0 f = 0 IDAT size = 271929 Output IDAT size = 271929 bytes (63266 bytes decrease) Output file size = 272007 bytes (63746 bytes = 18.99% decrease) ** Processing: /home/hornik/tmp/R.check/r-devel-gcc/Work/PKGS/dtwclust.Rcheck/vign_test/dtwclust/vignettes/timing-experiments_files/figure-html/cent-sdtwc-plot-1.png 624x672 pixels, 3x8 bits/pixel, RGB Input IDAT size = 72877 bytes Input file size = 73051 bytes Trying: zc = 9 zm = 8 zs = 0 f = 0 IDAT size = 58277 zc = 9 zm = 8 zs = 1 f = 0 zc = 1 zm = 8 zs = 2 f = 0 zc = 9 zm = 8 zs = 3 f = 0 zc = 9 zm = 8 zs = 0 f = 5 zc = 9 zm = 8 zs = 1 f = 5 zc = 1 zm = 8 zs = 2 f = 5 zc = 9 zm = 8 zs = 3 f = 5 Selecting parameters: zc = 9 zm = 8 zs = 0 f = 0 IDAT size = 58277 Output IDAT size = 58277 bytes (14600 bytes decrease) Output file size = 58355 bytes (14696 bytes = 20.12% decrease) ** Processing: /home/hornik/tmp/R.check/r-devel-gcc/Work/PKGS/dtwclust.Rcheck/vign_test/dtwclust/vignettes/timing-experiments_files/figure-html/clust-tadpole-plot-1.png 624x672 pixels, 3x8 bits/pixel, RGB Input IDAT size = 69432 bytes Input file size = 69606 bytes Trying: zc = 9 zm = 8 zs = 0 f = 0 IDAT size = 60631 zc = 9 zm = 8 zs = 1 f = 0 zc = 1 zm = 8 zs = 2 f = 0 zc = 9 zm = 8 zs = 3 f = 0 zc = 9 zm = 8 zs = 0 f = 5 zc = 9 zm = 8 zs = 1 f = 5 zc = 1 zm = 8 zs = 2 f = 5 zc = 9 zm = 8 zs = 3 f = 5 Selecting parameters: zc = 9 zm = 8 zs = 0 f = 0 IDAT size = 60631 Output IDAT size = 60631 bytes (8801 bytes decrease) Output file size = 60709 bytes (8897 bytes = 12.78% decrease) ** Processing: /home/hornik/tmp/R.check/r-devel-gcc/Work/PKGS/dtwclust.Rcheck/vign_test/dtwclust/vignettes/timing-experiments_files/figure-html/clust-part-dtw-pam-plot-1.png 624x480 pixels, 3x8 bits/pixel, RGB Input IDAT size = 57831 bytes Input file size = 57993 bytes Trying: zc = 9 zm = 8 zs = 0 f = 0 IDAT size = 47745 zc = 9 zm = 8 zs = 1 f = 0 zc = 1 zm = 8 zs = 2 f = 0 zc = 9 zm = 8 zs = 3 f = 0 zc = 9 zm = 8 zs = 0 f = 5 zc = 9 zm = 8 zs = 1 f = 5 zc = 1 zm = 8 zs = 2 f = 5 zc = 9 zm = 8 zs = 3 f = 5 Selecting parameters: zc = 9 zm = 8 zs = 0 f = 0 IDAT size = 47745 Output IDAT size = 47745 bytes (10086 bytes decrease) Output file size = 47823 bytes (10170 bytes = 17.54% decrease) ** Processing: /home/hornik/tmp/R.check/r-devel-gcc/Work/PKGS/dtwclust.Rcheck/vign_test/dtwclust/vignettes/timing-experiments_files/figure-html/clust-part-dtw-pam-reps-plot-1.png 624x480 pixels, 3x8 bits/pixel, RGB Input IDAT size = 66356 bytes Input file size = 66530 bytes Trying: zc = 9 zm = 8 zs = 0 f = 0 IDAT size = 54530 zc = 9 zm = 8 zs = 1 f = 0 zc = 1 zm = 8 zs = 2 f = 0 zc = 9 zm = 8 zs = 3 f = 0 zc = 9 zm = 8 zs = 0 f = 5 zc = 9 zm = 8 zs = 1 f = 5 zc = 1 zm = 8 zs = 2 f = 5 zc = 9 zm = 8 zs = 3 f = 5 Selecting parameters: zc = 9 zm = 8 zs = 0 f = 0 IDAT size = 54530 Output IDAT size = 54530 bytes (11826 bytes decrease) Output file size = 54608 bytes (11922 bytes = 17.92% decrease) ** Processing: /home/hornik/tmp/R.check/r-devel-gcc/Work/PKGS/dtwclust.Rcheck/vign_test/dtwclust/vignettes/timing-experiments_files/figure-html/clust-part-dtw-pam-reps-distmat-plot-1.png 624x480 pixels, 3x8 bits/pixel, RGB Input IDAT size = 61826 bytes Input file size = 61988 bytes Trying: zc = 9 zm = 8 zs = 0 f = 0 IDAT size = 47782 zc = 9 zm = 8 zs = 1 f = 0 zc = 1 zm = 8 zs = 2 f = 0 zc = 9 zm = 8 zs = 3 f = 0 zc = 9 zm = 8 zs = 0 f = 5 zc = 9 zm = 8 zs = 1 f = 5 zc = 1 zm = 8 zs = 2 f = 5 zc = 9 zm = 8 zs = 3 f = 5 Selecting parameters: zc = 9 zm = 8 zs = 0 f = 0 IDAT size = 47782 Output IDAT size = 47782 bytes (14044 bytes decrease) Output file size = 47860 bytes (14128 bytes = 22.79% decrease) ** Processing: /home/hornik/tmp/R.check/r-devel-gcc/Work/PKGS/dtwclust.Rcheck/vign_test/dtwclust/vignettes/timing-experiments_files/figure-html/clust-part-dtw-dba-plot-1.png 624x480 pixels, 3x8 bits/pixel, RGB Input IDAT size = 53619 bytes Input file size = 53769 bytes Trying: zc = 9 zm = 8 zs = 0 f = 0 IDAT size = 45056 zc = 9 zm = 8 zs = 1 f = 0 zc = 1 zm = 8 zs = 2 f = 0 zc = 9 zm = 8 zs = 3 f = 0 zc = 9 zm = 8 zs = 0 f = 5 zc = 9 zm = 8 zs = 1 f = 5 zc = 1 zm = 8 zs = 2 f = 5 zc = 9 zm = 8 zs = 3 f = 5 Selecting parameters: zc = 9 zm = 8 zs = 0 f = 0 IDAT size = 45056 Output IDAT size = 45056 bytes (8563 bytes decrease) Output file size = 45134 bytes (8635 bytes = 16.06% decrease) ** Processing: /home/hornik/tmp/R.check/r-devel-gcc/Work/PKGS/dtwclust.Rcheck/vign_test/dtwclust/vignettes/timing-experiments_files/figure-html/clust-part-sparse-pam-k-nonsymmetric-plot-1.png 624x480 pixels, 3x8 bits/pixel, RGB Input IDAT size = 41185 bytes Input file size = 41323 bytes Trying: zc = 9 zm = 8 zs = 0 f = 0 IDAT size = 34754 zc = 9 zm = 8 zs = 1 f = 0 zc = 1 zm = 8 zs = 2 f = 0 zc = 9 zm = 8 zs = 3 f = 0 zc = 9 zm = 8 zs = 0 f = 5 zc = 9 zm = 8 zs = 1 f = 5 zc = 1 zm = 8 zs = 2 f = 5 zc = 9 zm = 8 zs = 3 f = 5 Selecting parameters: zc = 9 zm = 8 zs = 0 f = 0 IDAT size = 34754 Output IDAT size = 34754 bytes (6431 bytes decrease) Output file size = 34832 bytes (6491 bytes = 15.71% decrease) ** Processing: /home/hornik/tmp/R.check/r-devel-gcc/Work/PKGS/dtwclust.Rcheck/vign_test/dtwclust/vignettes/timing-experiments_files/figure-html/clust-part-sparse-pam-k-nonsymmetric-plot-2.png 624x480 pixels, 3x8 bits/pixel, RGB Input IDAT size = 41563 bytes Input file size = 41701 bytes Trying: zc = 9 zm = 8 zs = 0 f = 0 IDAT size = 33395 zc = 9 zm = 8 zs = 1 f = 0 zc = 1 zm = 8 zs = 2 f = 0 zc = 9 zm = 8 zs = 3 f = 0 zc = 9 zm = 8 zs = 0 f = 5 zc = 9 zm = 8 zs = 1 f = 5 zc = 1 zm = 8 zs = 2 f = 5 zc = 9 zm = 8 zs = 3 f = 5 Selecting parameters: zc = 9 zm = 8 zs = 0 f = 0 IDAT size = 33395 Output IDAT size = 33395 bytes (8168 bytes decrease) Output file size = 33473 bytes (8228 bytes = 19.73% decrease) ** Processing: /home/hornik/tmp/R.check/r-devel-gcc/Work/PKGS/dtwclust.Rcheck/vign_test/dtwclust/vignettes/timing-experiments_files/figure-html/clust-part-sparse-pam-k-symmetric-plot-1.png 624x480 pixels, 3x8 bits/pixel, RGB Input IDAT size = 37680 bytes Input file size = 37806 bytes Trying: zc = 9 zm = 8 zs = 0 f = 0 IDAT size = 31527 zc = 9 zm = 8 zs = 1 f = 0 zc = 1 zm = 8 zs = 2 f = 0 zc = 9 zm = 8 zs = 3 f = 0 zc = 9 zm = 8 zs = 0 f = 5 zc = 9 zm = 8 zs = 1 f = 5 zc = 1 zm = 8 zs = 2 f = 5 zc = 9 zm = 8 zs = 3 f = 5 Selecting parameters: zc = 9 zm = 8 zs = 0 f = 0 IDAT size = 31527 Output IDAT size = 31527 bytes (6153 bytes decrease) Output file size = 31605 bytes (6201 bytes = 16.40% decrease) ** Processing: /home/hornik/tmp/R.check/r-devel-gcc/Work/PKGS/dtwclust.Rcheck/vign_test/dtwclust/vignettes/timing-experiments_files/figure-html/clust-part-sparse-pam-k-symmetric-plot-2.png 624x480 pixels, 3x8 bits/pixel, RGB Input IDAT size = 45880 bytes Input file size = 46018 bytes Trying: zc = 9 zm = 8 zs = 0 f = 0 IDAT size = 35845 zc = 9 zm = 8 zs = 1 f = 0 zc = 1 zm = 8 zs = 2 f = 0 zc = 9 zm = 8 zs = 3 f = 0 zc = 9 zm = 8 zs = 0 f = 5 zc = 9 zm = 8 zs = 1 f = 5 zc = 1 zm = 8 zs = 2 f = 5 zc = 9 zm = 8 zs = 3 f = 5 Selecting parameters: zc = 9 zm = 8 zs = 0 f = 0 IDAT size = 35845 Output IDAT size = 35845 bytes (10035 bytes decrease) Output file size = 35923 bytes (10095 bytes = 21.94% decrease) --- finished re-building ‘timing-experiments.Rmd’ --- re-building ‘dtwclust.Rnw’ using knitr_notangle Error: processing vignette 'dtwclust.Rnw' failed with diagnostics: Running 'texi2dvi' on 'dtwclust.tex' failed. LaTeX errors: ! Undefined control sequence. l.1593 \hlkwd{library}\hldef {(}\hlsng{"dtwclust"}\hldef{)} ? ! Emergency stop. ! Emergency stop. l.1593 End of file on the terminal! ! ==> Fatal error occurred, no output PDF file produced! --- failed re-building ‘dtwclust.Rnw’ SUMMARY: processing the following file failed: ‘dtwclust.Rnw’ Error: Vignette re-building failed. Execution halted Flavor: r-devel-linux-x86_64-debian-gcc

Version: 5.5.12
Check: installed package size
Result: NOTE installed size is 9.0Mb sub-directories of 1Mb or more: doc 2.4Mb libs 5.3Mb Flavors: r-release-macos-arm64, r-oldrel-macos-arm64, r-oldrel-macos-x86_64