CRAN Package Check Results for Package dtp

Last updated on 2022-06-27 03:51:11 CEST.

Flavor Version Tinstall Tcheck Ttotal Status Flags
r-devel-linux-x86_64-debian-clang 0.1.0 3.86 39.08 42.94 OK
r-devel-linux-x86_64-debian-gcc 0.1.0 2.52 29.56 32.08 OK
r-devel-linux-x86_64-fedora-clang 0.1.0 60.15 WARN
r-devel-linux-x86_64-fedora-gcc 0.1.0 61.84 WARN
r-devel-windows-x86_64 0.1.0 11.00 68.00 79.00 OK
r-patched-linux-x86_64 0.1.0 3.85 37.48 41.33 OK
r-release-linux-x86_64 0.1.0 3.53 38.06 41.59 OK
r-release-macos-arm64 0.1.0 19.00 OK
r-release-macos-x86_64 0.1.0 27.00 OK
r-release-windows-x86_64 0.1.0 11.00 68.00 79.00 OK
r-oldrel-macos-arm64 0.1.0 21.00 OK
r-oldrel-macos-x86_64 0.1.0 40.00 OK
r-oldrel-windows-ix86+x86_64 0.1.0 8.00 56.00 64.00 OK

Check Details

Version: 0.1.0
Check: package dependencies
Result: WARN
    Requires orphaned package: ‘gtools’
Flavors: r-devel-linux-x86_64-fedora-clang, r-devel-linux-x86_64-fedora-gcc