CRAN Package Check Results for Package drimmR

Last updated on 2023-06-10 03:56:21 CEST.

Flavor Version Tinstall Tcheck Ttotal Status Flags
r-devel-linux-x86_64-debian-clang 1.0.1 9.84 90.61 100.45 NOTE
r-devel-linux-x86_64-debian-gcc 1.0.1 7.16 68.43 75.59 NOTE
r-devel-linux-x86_64-fedora-clang 1.0.1 127.16 NOTE
r-devel-linux-x86_64-fedora-gcc 1.0.1 116.02 NOTE
r-devel-windows-x86_64 1.0.1 10.00 133.00 143.00 NOTE
r-patched-linux-x86_64 1.0.1 7.32 83.86 91.18 NOTE
r-release-linux-x86_64 1.0.1 6.10 87.06 93.16 NOTE
r-release-macos-arm64 1.0.1 58.00 NOTE
r-release-macos-x86_64 1.0.1 116.00 NOTE
r-release-windows-x86_64 1.0.1 14.00 169.00 183.00 NOTE
r-oldrel-macos-arm64 1.0.1 76.00 OK
r-oldrel-macos-x86_64 1.0.1 122.00 OK
r-oldrel-windows-x86_64 1.0.1 14.00 170.00 184.00 OK

Check Details

Version: 1.0.1
Check: package subdirectories
Result: NOTE
    Problems with news in ‘NEWS.md’:
    No news entries found.
Flavors: r-devel-linux-x86_64-debian-clang, r-devel-linux-x86_64-debian-gcc, r-devel-linux-x86_64-fedora-clang, r-devel-linux-x86_64-fedora-gcc, r-devel-windows-x86_64, r-patched-linux-x86_64, r-release-linux-x86_64, r-release-macos-arm64, r-release-macos-x86_64, r-release-windows-x86_64