CRAN Package Check Results for Package drifter

Last updated on 2022-05-26 15:53:09 CEST.

Flavor Version Tinstall Tcheck Ttotal Status Flags
r-devel-linux-x86_64-debian-clang 0.2.1 5.58 116.37 121.95 NOTE
r-devel-linux-x86_64-debian-gcc 0.2.1 4.96 97.34 102.30 NOTE
r-devel-linux-x86_64-fedora-clang 0.2.1 147.80 NOTE
r-devel-linux-x86_64-fedora-gcc 0.2.1 140.57 NOTE
r-devel-windows-x86_64 0.2.1 16.00 115.00 131.00 NOTE
r-patched-linux-x86_64 0.2.1 4.12 110.83 114.95 NOTE
r-release-linux-x86_64 0.2.1 NOTE
r-release-macos-arm64 0.2.1 33.00 NOTE
r-release-macos-x86_64 0.2.1 76.00 NOTE
r-release-windows-x86_64 0.2.1 14.00 113.00 127.00 NOTE
r-oldrel-macos-arm64 0.2.1 40.00 NOTE
r-oldrel-macos-x86_64 0.2.1 73.00 NOTE
r-oldrel-windows-ix86+x86_64 0.2.1 16.00 97.00 113.00 NOTE

Check Details

Version: 0.2.1
Check: LazyData
Result: NOTE
     'LazyData' is specified without a 'data' directory
Flavors: r-devel-linux-x86_64-debian-clang, r-devel-linux-x86_64-debian-gcc, r-devel-linux-x86_64-fedora-clang, r-devel-linux-x86_64-fedora-gcc, r-devel-windows-x86_64, r-patched-linux-x86_64, r-release-linux-x86_64, r-release-macos-arm64, r-release-macos-x86_64, r-release-windows-x86_64, r-oldrel-macos-arm64, r-oldrel-macos-x86_64, r-oldrel-windows-ix86+x86_64