Last updated on 2022-05-23 15:53:33 CEST.
Flavor | Version | Tinstall | Tcheck | Ttotal | Status | Flags |
---|---|---|---|---|---|---|
r-devel-linux-x86_64-debian-clang | 1.2.1 | 31.63 | 134.01 | 165.64 | OK | |
r-devel-linux-x86_64-debian-gcc | 1.2.1 | 23.54 | 98.47 | 122.01 | OK | |
r-devel-linux-x86_64-fedora-clang | 1.2.1 | 188.98 | NOTE | |||
r-devel-linux-x86_64-fedora-gcc | 1.2.1 | 189.51 | NOTE | |||
r-devel-windows-x86_64 | 1.2.1 | 65.00 | 146.00 | 211.00 | OK | |
r-patched-linux-x86_64 | 1.2.1 | 19.11 | 127.63 | 146.74 | OK | |
r-release-linux-x86_64 | 1.2.1 | OK | ||||
r-release-macos-arm64 | 1.2.1 | 56.00 | NOTE | |||
r-release-macos-x86_64 | 1.2.1 | 81.00 | NOTE | |||
r-release-windows-x86_64 | 1.2.1 | 63.00 | 158.00 | 221.00 | OK | |
r-oldrel-macos-arm64 | 1.2.1 | 62.00 | NOTE | |||
r-oldrel-macos-x86_64 | 1.2.1 | 81.00 | NOTE | |||
r-oldrel-windows-ix86+x86_64 | 1.2.1 | 50.00 | 146.00 | 196.00 | OK |
Version: 1.2.1
Check: package dependencies
Result: NOTE
Imports includes 32 non-default packages.
Importing from so many packages makes the package vulnerable to any of
them becoming unavailable. Move as many as possible to Suggests and
use conditionally.
Flavor: r-devel-linux-x86_64-fedora-clang
Version: 1.2.1
Check: dependencies in R code
Result: NOTE
Namespace in Imports field not imported from: ‘htmltools’
All declared Imports should be used.
Flavors: r-devel-linux-x86_64-fedora-clang, r-devel-linux-x86_64-fedora-gcc, r-release-macos-arm64, r-release-macos-x86_64, r-oldrel-macos-arm64, r-oldrel-macos-x86_64