Last updated on 2023-11-29 04:00:55 CET.
Flavor | Version | Tinstall | Tcheck | Ttotal | Status | Flags |
---|---|---|---|---|---|---|
r-devel-linux-x86_64-debian-clang | 0.3.1 | 30.76 | 92.19 | 122.95 | WARN | |
r-devel-linux-x86_64-debian-gcc | 0.3.1 | 21.79 | 63.30 | 85.09 | OK | |
r-devel-linux-x86_64-fedora-clang | 0.3.1 | 165.03 | WARN | |||
r-devel-linux-x86_64-fedora-gcc | 0.3.1 | 171.12 | OK | |||
r-devel-windows-x86_64 | 0.3.1 | 27.00 | 116.00 | 143.00 | OK | |
r-patched-linux-x86_64 | 0.3.1 | 29.55 | 84.83 | 114.38 | OK | |
r-release-linux-x86_64 | 0.3.1 | 24.02 | 84.08 | 108.10 | OK | |
r-release-macos-arm64 | 0.3.1 | 63.00 | OK | |||
r-release-macos-x86_64 | 0.3.1 | 125.00 | OK | |||
r-release-windows-x86_64 | 0.3.1 | 34.00 | 133.00 | 167.00 | OK | |
r-oldrel-macos-arm64 | 0.3.1 | 45.00 | OK | |||
r-oldrel-macos-x86_64 | 0.3.1 | 66.00 | OK | |||
r-oldrel-windows-x86_64 | 0.3.1 | 32.00 | 132.00 | 164.00 | OK |
Version: 0.3.1
Check: whether package can be installed
Result: WARN
Found the following significant warnings:
RcppExports.cpp:44:18: warning: format string is not a string literal (potentially insecure) [-Wformat-security]
RcppExports.cpp:77:18: warning: format string is not a string literal (potentially insecure) [-Wformat-security]
RcppExports.cpp:112:18: warning: format string is not a string literal (potentially insecure) [-Wformat-security]
RcppExports.cpp:146:18: warning: format string is not a string literal (potentially insecure) [-Wformat-security]
RcppExports.cpp:181:18: warning: format string is not a string literal (potentially insecure) [-Wformat-security]
RcppExports.cpp:215:18: warning: format string is not a string literal (potentially insecure) [-Wformat-security]
RcppExports.cpp:249:18: warning: format string is not a string literal (potentially insecure) [-Wformat-security]
RcppExports.cpp:282:18: warning: format string is not a string literal (potentially insecure) [-Wformat-security]
RcppExports.cpp:315:18: warning: format string is not a string literal (potentially insecure) [-Wformat-security]
RcppExports.cpp:352:18: warning: format string is not a string literal (potentially insecure) [-Wformat-security]
RcppExports.cpp:389:18: warning: format string is not a string literal (potentially insecure) [-Wformat-security]
See ‘/home/hornik/tmp/R.check/r-devel-clang/Work/PKGS/dqrng.Rcheck/00install.out’ for details.
* used C++ compiler: ‘Debian clang version 17.0.5 (1)’
Flavor: r-devel-linux-x86_64-debian-clang
Version: 0.3.1
Check: whether package can be installed
Result: WARN
Found the following significant warnings:
RcppExports.cpp:44:18: warning: format string is not a string literal (potentially insecure) [-Wformat-security]
RcppExports.cpp:77:18: warning: format string is not a string literal (potentially insecure) [-Wformat-security]
RcppExports.cpp:112:18: warning: format string is not a string literal (potentially insecure) [-Wformat-security]
RcppExports.cpp:146:18: warning: format string is not a string literal (potentially insecure) [-Wformat-security]
RcppExports.cpp:181:18: warning: format string is not a string literal (potentially insecure) [-Wformat-security]
RcppExports.cpp:215:18: warning: format string is not a string literal (potentially insecure) [-Wformat-security]
RcppExports.cpp:249:18: warning: format string is not a string literal (potentially insecure) [-Wformat-security]
RcppExports.cpp:282:18: warning: format string is not a string literal (potentially insecure) [-Wformat-security]
RcppExports.cpp:315:18: warning: format string is not a string literal (potentially insecure) [-Wformat-security]
RcppExports.cpp:352:18: warning: format string is not a string literal (potentially insecure) [-Wformat-security]
RcppExports.cpp:389:18: warning: format string is not a string literal (potentially insecure) [-Wformat-security]
See ‘/data/gannet/ripley/R/packages/tests-clang/dqrng.Rcheck/00install.out’ for details.
* used C++ compiler: ‘clang version 17.0.5’
Flavor: r-devel-linux-x86_64-fedora-clang