CRAN Package Check Results for Package doBy

Last updated on 2024-02-23 04:01:58 CET.

Flavor Version Tinstall Tcheck Ttotal Status Flags
r-devel-linux-x86_64-debian-clang 4.6.20 OK
r-devel-linux-x86_64-debian-gcc 4.6.20 22.17 132.12 154.29 OK
r-devel-linux-x86_64-fedora-clang 4.6.20 244.95 OK
r-devel-linux-x86_64-fedora-gcc 4.6.20 253.68 OK
r-devel-windows-x86_64 4.6.20 24.00 193.00 217.00 OK
r-patched-linux-x86_64 4.6.20 24.38 170.65 195.03 OK
r-release-linux-x86_64 4.6.20 20.61 168.61 189.22 OK
r-release-macos-arm64 4.6.20 95.00 NOTE
r-release-macos-x86_64 4.6.20 202.00 NOTE
r-release-windows-x86_64 4.6.20 31.00 226.00 257.00 OK
r-oldrel-macos-arm64 4.6.20 112.00 NOTE
r-oldrel-windows-x86_64 4.6.20 32.00 226.00 258.00 OK

Check Details

Version: 4.6.20
Check: installed package size
Result: NOTE installed size is 5.6Mb sub-directories of 1Mb or more: data 4.7Mb Flavors: r-release-macos-arm64, r-release-macos-x86_64, r-oldrel-macos-arm64