Last updated on 2022-07-01 03:53:48 CEST.
Flavor | Version | Tinstall | Tcheck | Ttotal | Status | Flags |
---|---|---|---|---|---|---|
r-devel-linux-x86_64-debian-clang | 0.7.4 | 39.01 | 226.67 | 265.68 | OK | |
r-devel-linux-x86_64-debian-gcc | 0.7.4 | 28.53 | 167.32 | 195.85 | OK | |
r-devel-linux-x86_64-fedora-clang | 0.7.4 | 330.45 | WARN | |||
r-devel-linux-x86_64-fedora-gcc | 0.7.4 | 322.27 | WARN | |||
r-devel-windows-x86_64 | 0.7.4 | 72.00 | 353.00 | 425.00 | OK | |
r-patched-linux-x86_64 | 0.7.4 | 26.65 | 212.78 | 239.43 | OK | |
r-release-linux-x86_64 | 0.7.4 | 32.22 | 216.57 | 248.79 | OK | |
r-release-macos-arm64 | 0.7.4 | 98.00 | OK | |||
r-release-macos-x86_64 | 0.7.4 | 148.00 | OK | |||
r-release-windows-x86_64 | 0.7.4 | 73.00 | 354.00 | 427.00 | OK | |
r-oldrel-macos-arm64 | 0.7.4 | 104.00 | OK | |||
r-oldrel-macos-x86_64 | 0.7.4 | 161.00 | OK | |||
r-oldrel-windows-ix86+x86_64 | 0.7.4 | 90.00 | 488.00 | 578.00 | OK |
Version: 0.7.4
Check: package dependencies
Result: WARN
Requires orphaned package: ‘gtools’
Flavors: r-devel-linux-x86_64-fedora-clang, r-devel-linux-x86_64-fedora-gcc