CRAN Package Check Results for Package dkanr

Last updated on 2022-05-17 04:50:30 CEST.

Flavor Version Tinstall Tcheck Ttotal Status Flags
r-devel-linux-x86_64-debian-clang 0.1.3 4.39 85.99 90.38 NOTE
r-devel-linux-x86_64-debian-gcc 0.1.3 2.82 65.07 67.89 NOTE
r-devel-linux-x86_64-fedora-clang 0.1.3 104.71 NOTE
r-devel-linux-x86_64-fedora-gcc 0.1.3 101.29 NOTE
r-devel-windows-x86_64 0.1.3 400.00 126.00 526.00 NOTE
r-patched-linux-x86_64 0.1.3 3.96 83.51 87.47 NOTE
r-release-linux-x86_64 0.1.3 3.02 82.05 85.07 NOTE
r-release-macos-arm64 0.1.3 35.00 NOTE
r-release-macos-x86_64 0.1.3 59.00 NOTE
r-release-windows-x86_64 0.1.3 405.00 138.00 543.00 NOTE
r-oldrel-macos-arm64 0.1.3 38.00 NOTE
r-oldrel-macos-x86_64 0.1.3 61.00 NOTE
r-oldrel-windows-ix86+x86_64 0.1.3 7.00 126.00 133.00 NOTE

Check Details

Version: 0.1.3
Check: LazyData
Result: NOTE
     'LazyData' is specified without a 'data' directory
Flavors: r-devel-linux-x86_64-debian-clang, r-devel-linux-x86_64-debian-gcc, r-devel-linux-x86_64-fedora-clang, r-devel-linux-x86_64-fedora-gcc, r-devel-windows-x86_64, r-patched-linux-x86_64, r-release-linux-x86_64, r-release-macos-arm64, r-release-macos-x86_64, r-release-windows-x86_64, r-oldrel-macos-arm64, r-oldrel-macos-x86_64, r-oldrel-windows-ix86+x86_64