CRAN Package Check Results for Package disparityfilter

Last updated on 2022-09-28 15:49:52 CEST.

Flavor Version Tinstall Tcheck Ttotal Status Flags
r-devel-linux-x86_64-debian-clang 2.2.3 1.83 36.08 37.91 NOTE
r-devel-linux-x86_64-debian-gcc 2.2.3 2.23 28.19 30.42 NOTE
r-devel-linux-x86_64-fedora-clang 2.2.3 60.57 NOTE
r-devel-linux-x86_64-fedora-gcc 2.2.3 57.87 NOTE
r-devel-windows-x86_64 2.2.3 20.00 64.00 84.00 NOTE
r-patched-linux-x86_64 2.2.3 2.93 35.17 38.10 NOTE
r-release-linux-x86_64 2.2.3 2.90 35.29 38.19 NOTE
r-release-macos-arm64 2.2.3 20.00 NOTE
r-release-macos-x86_64 2.2.3 23.00 NOTE
r-release-windows-x86_64 2.2.3 23.00 59.00 82.00 NOTE
r-oldrel-macos-arm64 2.2.3 26.00 NOTE
r-oldrel-macos-x86_64 2.2.3 35.00 NOTE
r-oldrel-windows-ix86+x86_64 2.2.3 6.00 58.00 64.00 NOTE

Check Details

Version: 2.2.3
Check: LazyData
Result: NOTE
     'LazyData' is specified without a 'data' directory
Flavors: r-devel-linux-x86_64-debian-clang, r-devel-linux-x86_64-debian-gcc, r-devel-linux-x86_64-fedora-clang, r-devel-linux-x86_64-fedora-gcc, r-devel-windows-x86_64, r-patched-linux-x86_64, r-release-linux-x86_64, r-release-macos-arm64, r-release-macos-x86_64, r-release-windows-x86_64, r-oldrel-macos-arm64, r-oldrel-macos-x86_64, r-oldrel-windows-ix86+x86_64