CRAN Package Check Results for Package discoverableresearch

Last updated on 2022-05-19 04:51:01 CEST.

Flavor Version Tinstall Tcheck Ttotal Status Flags
r-devel-linux-x86_64-debian-clang 0.0.1 2.19 55.88 58.07 OK
r-devel-linux-x86_64-debian-gcc 0.0.1 1.87 42.61 44.48 OK
r-devel-linux-x86_64-fedora-clang 0.0.1 71.07 NOTE
r-devel-linux-x86_64-fedora-gcc 0.0.1 69.72 NOTE
r-devel-windows-x86_64 0.0.1 72.00 81.00 153.00 OK
r-patched-linux-x86_64 0.0.1 1.90 54.57 56.47 OK
r-release-linux-x86_64 0.0.1 2.79 54.69 57.48 OK
r-release-macos-arm64 0.0.1 24.00 NOTE
r-release-macos-x86_64 0.0.1 46.00 NOTE
r-release-windows-x86_64 0.0.1 72.00 82.00 154.00 OK
r-oldrel-macos-arm64 0.0.1 32.00 NOTE
r-oldrel-macos-x86_64 0.0.1 46.00 NOTE
r-oldrel-windows-ix86+x86_64 0.0.1 7.00 73.00 80.00 OK

Check Details

Version: 0.0.1
Check: dependencies in R code
Result: NOTE
    Namespaces in Imports field not imported from:
     ‘dplyr’ ‘readr’
     All declared Imports should be used.
Flavors: r-devel-linux-x86_64-fedora-clang, r-devel-linux-x86_64-fedora-gcc, r-release-macos-arm64, r-release-macos-x86_64, r-oldrel-macos-arm64, r-oldrel-macos-x86_64