Last updated on 2023-06-10 03:56:20 CEST.
Flavor | Version | Tinstall | Tcheck | Ttotal | Status | Flags |
---|---|---|---|---|---|---|
r-devel-linux-x86_64-debian-clang | 0.2.6 | 23.09 | 283.43 | 306.52 | OK | |
r-devel-linux-x86_64-debian-gcc | 0.2.6 | 19.45 | 216.62 | 236.07 | OK | |
r-devel-linux-x86_64-fedora-clang | 0.2.6 | 391.91 | NOTE | |||
r-devel-linux-x86_64-fedora-gcc | 0.2.6 | 415.27 | OK | |||
r-devel-windows-x86_64 | 0.2.6 | 17.00 | 236.00 | 253.00 | OK | |
r-patched-linux-x86_64 | 0.2.6 | 24.28 | 267.67 | 291.95 | OK | |
r-release-linux-x86_64 | 0.2.6 | 19.11 | 273.07 | 292.18 | OK | |
r-release-macos-arm64 | 0.2.6 | 114.00 | OK | |||
r-release-macos-x86_64 | 0.2.6 | 207.00 | OK | |||
r-release-windows-x86_64 | 0.2.6 | 25.00 | 296.00 | 321.00 | OK | |
r-oldrel-macos-arm64 | 0.2.6 | 105.00 | OK | |||
r-oldrel-macos-x86_64 | 0.2.6 | 140.00 | OK | |||
r-oldrel-windows-x86_64 | 0.2.6 | 25.00 | 289.00 | 314.00 | OK |
Version: 0.2.6
Check: Rd cross-references
Result: NOTE
Undeclared package ‘CVST’ in Rd xrefs
Flavor: r-devel-linux-x86_64-fedora-clang