Last updated on 2022-05-23 15:53:32 CEST.
Flavor | Version | Tinstall | Tcheck | Ttotal | Status | Flags |
---|---|---|---|---|---|---|
r-devel-linux-x86_64-debian-clang | 0.2.5 | 23.01 | 311.74 | 334.75 | OK | |
r-devel-linux-x86_64-debian-gcc | 0.2.5 | 19.32 | 229.68 | 249.00 | OK | |
r-devel-linux-x86_64-fedora-clang | 0.2.5 | 397.46 | NOTE | |||
r-devel-linux-x86_64-fedora-gcc | 0.2.5 | 391.09 | OK | |||
r-devel-windows-x86_64 | 0.2.5 | 56.00 | 350.00 | 406.00 | OK | |
r-patched-linux-x86_64 | 0.2.5 | 20.62 | 291.54 | 312.16 | OK | |
r-release-linux-x86_64 | 0.2.5 | OK | ||||
r-release-macos-arm64 | 0.2.5 | 114.00 | OK | |||
r-release-macos-x86_64 | 0.2.5 | 146.00 | OK | |||
r-release-windows-x86_64 | 0.2.5 | 57.00 | 331.00 | 388.00 | OK | |
r-oldrel-macos-arm64 | 0.2.5 | 108.00 | NOTE | |||
r-oldrel-macos-x86_64 | 0.2.5 | 133.00 | OK | |||
r-oldrel-windows-ix86+x86_64 | 0.2.5 | 43.00 | 337.00 | 380.00 | OK |
Version: 0.2.5
Check: Rd cross-references
Result: NOTE
Undeclared package ‘CVST’ in Rd xrefs
Flavor: r-devel-linux-x86_64-fedora-clang
Version: 0.2.5
Check: package dependencies
Result: NOTE
Package suggested but not available for checking: ‘pcaL1’
Flavor: r-oldrel-macos-arm64