CRAN Package Check Results for Package diffdf

Last updated on 2022-05-17 04:50:30 CEST.

Flavor Version Tinstall Tcheck Ttotal Status Flags
r-devel-linux-x86_64-debian-clang 1.0.4 5.10 78.38 83.48 NOTE
r-devel-linux-x86_64-debian-gcc 1.0.4 3.05 57.36 60.41 NOTE
r-devel-linux-x86_64-fedora-clang 1.0.4 96.93 NOTE
r-devel-linux-x86_64-fedora-gcc 1.0.4 92.92 NOTE
r-devel-windows-x86_64 1.0.4 25.00 91.00 116.00 NOTE
r-patched-linux-x86_64 1.0.4 4.78 73.01 77.79 NOTE
r-release-linux-x86_64 1.0.4 5.13 72.50 77.63 NOTE
r-release-macos-arm64 1.0.4 24.00 NOTE
r-release-macos-x86_64 1.0.4 42.00 NOTE
r-release-windows-x86_64 1.0.4 27.00 100.00 127.00 NOTE
r-oldrel-macos-arm64 1.0.4 31.00 NOTE
r-oldrel-macos-x86_64 1.0.4 39.00 NOTE
r-oldrel-windows-ix86+x86_64 1.0.4 11.00 88.00 99.00 NOTE

Check Details

Version: 1.0.4
Check: LazyData
Result: NOTE
     'LazyData' is specified without a 'data' directory
Flavors: r-devel-linux-x86_64-debian-clang, r-devel-linux-x86_64-debian-gcc, r-devel-linux-x86_64-fedora-clang, r-devel-linux-x86_64-fedora-gcc, r-devel-windows-x86_64, r-patched-linux-x86_64, r-release-linux-x86_64, r-release-macos-arm64, r-release-macos-x86_64, r-release-windows-x86_64, r-oldrel-macos-arm64, r-oldrel-macos-x86_64, r-oldrel-windows-ix86+x86_64