Last updated on 2022-05-21 15:49:53 CEST.
Flavor | Version | Tinstall | Tcheck | Ttotal | Status | Flags |
---|---|---|---|---|---|---|
r-devel-linux-x86_64-debian-clang | 0.1.0 | 41.13 | 139.10 | 180.23 | OK | |
r-devel-linux-x86_64-debian-gcc | 0.1.0 | 31.18 | 100.73 | 131.91 | OK | |
r-devel-linux-x86_64-fedora-clang | 0.1.0 | 220.91 | NOTE | |||
r-devel-linux-x86_64-fedora-gcc | 0.1.0 | 206.95 | NOTE | |||
r-devel-windows-x86_64 | 0.1.0 | 54.00 | 170.00 | 224.00 | OK | |
r-patched-linux-x86_64 | 0.1.0 | 26.02 | 132.64 | 158.66 | OK | |
r-release-linux-x86_64 | 0.1.0 | 27.02 | 130.01 | 157.03 | OK | |
r-release-macos-arm64 | 0.1.0 | 62.00 | NOTE | |||
r-release-macos-x86_64 | 0.1.0 | 117.00 | NOTE | |||
r-release-windows-x86_64 | 0.1.0 | 57.00 | 175.00 | 232.00 | OK | |
r-oldrel-macos-arm64 | 0.1.0 | 59.00 | NOTE | |||
r-oldrel-macos-x86_64 | 0.1.0 | 78.00 | NOTE | |||
r-oldrel-windows-ix86+x86_64 | 0.1.0 | 95.00 | 286.00 | 381.00 | OK |
Version: 0.1.0
Check: dependencies in R code
Result: NOTE
Namespace in Imports field not imported from: ‘rlang’
All declared Imports should be used.
Flavors: r-devel-linux-x86_64-fedora-clang, r-devel-linux-x86_64-fedora-gcc, r-release-macos-arm64, r-release-macos-x86_64, r-oldrel-macos-arm64, r-oldrel-macos-x86_64