CRAN Package Check Results for Package diceR

Last updated on 2024-02-23 04:01:58 CET.

Flavor Version Tinstall Tcheck Ttotal Status Flags
r-devel-linux-x86_64-debian-clang 2.2.0 NOTE
r-devel-linux-x86_64-debian-gcc 2.2.0 25.96 235.25 261.21 NOTE
r-devel-linux-x86_64-fedora-clang 2.2.0 367.17 NOTE
r-devel-linux-x86_64-fedora-gcc 2.2.0 464.95 NOTE
r-devel-windows-x86_64 2.2.0 30.00 297.00 327.00 OK
r-patched-linux-x86_64 2.2.0 33.50 302.90 336.40 NOTE
r-release-linux-x86_64 2.2.0 24.31 298.17 322.48 NOTE
r-release-macos-arm64 2.2.0 105.00 OK
r-release-macos-x86_64 2.2.0 206.00 OK
r-release-windows-x86_64 2.2.0 38.00 369.00 407.00 OK
r-oldrel-macos-arm64 2.2.0 103.00 OK
r-oldrel-windows-x86_64 2.2.0 35.00 369.00 404.00 OK

Check Details

Version: 2.2.0
Check: package dependencies
Result: NOTE Package suggested but not available for checking: ‘blockcluster’ Flavors: r-devel-linux-x86_64-debian-clang, r-devel-linux-x86_64-debian-gcc, r-devel-linux-x86_64-fedora-clang, r-devel-linux-x86_64-fedora-gcc, r-patched-linux-x86_64, r-release-linux-x86_64