CRAN Package Check Results for Package dextergui

Last updated on 2022-06-29 15:49:51 CEST.

Flavor Version Tinstall Tcheck Ttotal Status Flags
r-devel-linux-x86_64-debian-clang 0.2.6 17.70 114.63 132.33 OK
r-devel-linux-x86_64-debian-gcc 0.2.6 13.65 84.67 98.32 OK
r-devel-linux-x86_64-fedora-clang 0.2.6 161.82 NOTE
r-devel-linux-x86_64-fedora-gcc 0.2.6 159.92 OK
r-devel-windows-x86_64 0.2.6 51.00 133.00 184.00 OK
r-patched-linux-x86_64 0.2.6 10.79 105.93 116.72 OK
r-release-linux-x86_64 0.2.6 12.63 105.69 118.32 OK
r-release-macos-arm64 0.2.6 41.00 OK
r-release-macos-x86_64 0.2.6 62.00 OK
r-release-windows-x86_64 0.2.6 47.00 128.00 175.00 OK
r-oldrel-macos-arm64 0.2.6 40.00 OK
r-oldrel-macos-x86_64 0.2.6 58.00 OK
r-oldrel-windows-ix86+x86_64 0.2.6 38.00 126.00 164.00 OK

Check Details

Version: 0.2.6
Check: package dependencies
Result: NOTE
    Imports includes 22 non-default packages.
    Importing from so many packages makes the package vulnerable to any of
    them becoming unavailable. Move as many as possible to Suggests and
    use conditionally.
Flavor: r-devel-linux-x86_64-fedora-clang