Last updated on 2023-02-01 03:54:11 CET.
Flavor | Version | Tinstall | Tcheck | Ttotal | Status | Flags |
---|---|---|---|---|---|---|
r-devel-linux-x86_64-debian-clang | 0.9.6 | 31.49 | 98.57 | 130.06 | NOTE | |
r-devel-linux-x86_64-debian-gcc | 0.9.6 | 24.06 | 72.52 | 96.58 | NOTE | |
r-devel-linux-x86_64-fedora-clang | 0.9.6 | 171.11 | NOTE | |||
r-devel-linux-x86_64-fedora-gcc | 0.9.6 | 174.05 | NOTE | |||
r-devel-windows-x86_64 | 0.9.6 | 73.00 | 160.00 | 233.00 | NOTE | |
r-patched-linux-x86_64 | 0.9.6 | 29.25 | 94.48 | 123.73 | NOTE | |
r-release-linux-x86_64 | 0.9.6 | 24.10 | 96.51 | 120.61 | NOTE | |
r-release-macos-arm64 | 0.9.6 | 50.00 | NOTE | |||
r-release-macos-x86_64 | 0.9.6 | 91.00 | NOTE | |||
r-release-windows-x86_64 | 0.9.6 | 76.00 | 165.00 | 241.00 | NOTE | |
r-oldrel-macos-arm64 | 0.9.6 | 68.00 | NOTE | |||
r-oldrel-macos-x86_64 | 0.9.6 | 94.00 | NOTE | |||
r-oldrel-windows-ix86+x86_64 | 0.9.6 | 79.00 | 176.00 | 255.00 | NOTE |
Version: 0.9.6
Check: LazyData
Result: NOTE
'LazyData' is specified without a 'data' directory
Flavors: r-devel-linux-x86_64-debian-clang, r-devel-linux-x86_64-debian-gcc, r-devel-linux-x86_64-fedora-clang, r-devel-linux-x86_64-fedora-gcc, r-devel-windows-x86_64, r-patched-linux-x86_64, r-release-linux-x86_64, r-release-macos-arm64, r-release-macos-x86_64, r-release-windows-x86_64, r-oldrel-macos-arm64, r-oldrel-macos-x86_64, r-oldrel-windows-ix86+x86_64
Version: 0.9.6
Check: installed package size
Result: NOTE
installed size is 5.1Mb
sub-directories of 1Mb or more:
extdata 2.1Mb
libs 2.2Mb
Flavors: r-release-macos-arm64, r-release-macos-x86_64, r-oldrel-macos-arm64, r-oldrel-macos-x86_64, r-oldrel-windows-ix86+x86_64