CRAN Package Check Results for Package detectRUNS

Last updated on 2024-02-27 15:48:10 CET.

Flavor Version Tinstall Tcheck Ttotal Status Flags
r-devel-linux-x86_64-debian-clang 0.9.6 33.64 100.86 134.50 NOTE
r-devel-linux-x86_64-debian-gcc 0.9.6 27.01 75.56 102.57 NOTE
r-devel-linux-x86_64-fedora-clang 0.9.6 170.97 NOTE
r-devel-linux-x86_64-fedora-gcc 0.9.6 182.08 NOTE
r-devel-windows-x86_64 0.9.6 32.00 121.00 153.00 NOTE
r-patched-linux-x86_64 0.9.6 34.84 97.67 132.51 NOTE
r-release-linux-x86_64 0.9.6 35.58 97.97 133.55 NOTE
r-release-macos-arm64 0.9.6 57.00 NOTE
r-release-macos-x86_64 0.9.6 100.00 NOTE
r-release-windows-x86_64 0.9.6 40.00 142.00 182.00 NOTE
r-oldrel-macos-arm64 0.9.6 50.00 NOTE
r-oldrel-windows-x86_64 0.9.6 37.00 129.00 166.00 NOTE

Check Details

Version: 0.9.6
Check: LazyData
Result: NOTE 'LazyData' is specified without a 'data' directory Flavors: r-devel-linux-x86_64-debian-clang, r-devel-linux-x86_64-debian-gcc, r-devel-linux-x86_64-fedora-clang, r-devel-linux-x86_64-fedora-gcc, r-devel-windows-x86_64, r-patched-linux-x86_64, r-release-linux-x86_64, r-release-macos-arm64, r-release-macos-x86_64, r-release-windows-x86_64, r-oldrel-macos-arm64, r-oldrel-windows-x86_64

Version: 0.9.6
Check: installed package size
Result: NOTE installed size is 5.3Mb sub-directories of 1Mb or more: extdata 2.1Mb libs 2.3Mb Flavors: r-release-macos-arm64, r-release-macos-x86_64, r-oldrel-macos-arm64