Last updated on 2022-06-27 15:53:41 CEST.
Flavor | Version | Tinstall | Tcheck | Ttotal | Status | Flags |
---|---|---|---|---|---|---|
r-devel-linux-x86_64-debian-clang | 0.9.6 | 33.27 | 102.27 | 135.54 | NOTE | |
r-devel-linux-x86_64-debian-gcc | 0.9.6 | 23.74 | 76.00 | 99.74 | NOTE | |
r-devel-linux-x86_64-fedora-clang | 0.9.6 | 178.76 | NOTE | |||
r-devel-linux-x86_64-fedora-gcc | 0.9.6 | 167.88 | NOTE | |||
r-devel-windows-x86_64 | 0.9.6 | 69.00 | 158.00 | 227.00 | NOTE | |
r-patched-linux-x86_64 | 0.9.6 | 26.10 | 95.28 | 121.38 | NOTE | |
r-release-linux-x86_64 | 0.9.6 | 26.22 | 94.62 | 120.84 | NOTE | |
r-release-macos-arm64 | 0.9.6 | 50.00 | NOTE | |||
r-release-macos-x86_64 | 0.9.6 | 91.00 | NOTE | |||
r-release-windows-x86_64 | 0.9.6 | 72.00 | 159.00 | 231.00 | NOTE | |
r-oldrel-macos-arm64 | 0.9.6 | 68.00 | NOTE | |||
r-oldrel-macos-x86_64 | 0.9.6 | 94.00 | NOTE | |||
r-oldrel-windows-ix86+x86_64 | 0.9.6 | 79.00 | 175.00 | 254.00 | NOTE |
Version: 0.9.6
Check: LazyData
Result: NOTE
'LazyData' is specified without a 'data' directory
Flavors: r-devel-linux-x86_64-debian-clang, r-devel-linux-x86_64-debian-gcc, r-devel-linux-x86_64-fedora-clang, r-devel-linux-x86_64-fedora-gcc, r-devel-windows-x86_64, r-patched-linux-x86_64, r-release-linux-x86_64, r-release-macos-arm64, r-release-macos-x86_64, r-release-windows-x86_64, r-oldrel-macos-arm64, r-oldrel-macos-x86_64, r-oldrel-windows-ix86+x86_64
Version: 0.9.6
Check: installed package size
Result: NOTE
installed size is 5.1Mb
sub-directories of 1Mb or more:
extdata 2.1Mb
libs 2.2Mb
Flavors: r-release-macos-arm64, r-release-macos-x86_64, r-oldrel-macos-arm64, r-oldrel-macos-x86_64, r-oldrel-windows-ix86+x86_64